{"id":68,"date":"2022-01-07T17:18:54","date_gmt":"2022-01-07T16:18:54","guid":{"rendered":"http:\/\/radcaprawnysikora.pl\/?page_id=68"},"modified":"2022-05-09T13:22:19","modified_gmt":"2022-05-09T11:22:19","slug":"zadoscuczynienie","status":"publish","type":"page","link":"http:\/\/radcaprawnysikora.pl\/?page_id=68","title":{"rendered":"Zado\u015b\u0107uczynienie"},"content":{"rendered":"\t\t<div data-elementor-type=\"wp-page\" data-elementor-id=\"68\" class=\"elementor elementor-68\">\n\t\t\t\t\t\t<section class=\"elementor-section elementor-top-section elementor-element elementor-element-bd2f831 elementor-section-boxed elementor-section-height-default elementor-section-height-default\" data-id=\"bd2f831\" data-element_type=\"section\">\n\t\t\t\t\t\t<div class=\"elementor-container elementor-column-gap-default\">\n\t\t\t\t\t<div class=\"elementor-column elementor-col-25 elementor-top-column elementor-element elementor-element-ba689ac\" data-id=\"ba689ac\" data-element_type=\"column\">\n\t\t\t<div class=\"elementor-widget-wrap elementor-element-populated\">\n\t\t\t\t\t\t<div class=\"elementor-element elementor-element-828f436 elementor-widget elementor-widget-text-editor\" data-id=\"828f436\" data-element_type=\"widget\" data-widget_type=\"text-editor.default\">\n\t\t\t\t<div class=\"elementor-widget-container\">\n\t\t\t\t\t\t\t\t\t<p><strong>Kancelaria Radcy Prawnego<\/strong><\/p>\t\t\t\t\t\t\t\t<\/div>\n\t\t\t\t<\/div>\n\t\t\t\t\t<\/div>\n\t\t<\/div>\n\t\t\t\t<div class=\"elementor-column elementor-col-25 elementor-top-column elementor-element elementor-element-684c745\" data-id=\"684c745\" data-element_type=\"column\">\n\t\t\t<div class=\"elementor-widget-wrap elementor-element-populated\">\n\t\t\t\t\t\t<div class=\"elementor-element elementor-element-20cbe89 elementor-widget elementor-widget-text-editor\" data-id=\"20cbe89\" data-element_type=\"widget\" data-widget_type=\"text-editor.default\">\n\t\t\t\t<div class=\"elementor-widget-container\">\n\t\t\t\t\t\t\t\t\t<p><strong>Ma\u0142gorzata Sikora<\/strong><\/p>\t\t\t\t\t\t\t\t<\/div>\n\t\t\t\t<\/div>\n\t\t\t\t\t<\/div>\n\t\t<\/div>\n\t\t\t\t<div class=\"elementor-column elementor-col-25 elementor-top-column elementor-element elementor-element-0ad34c0\" data-id=\"0ad34c0\" data-element_type=\"column\">\n\t\t\t<div class=\"elementor-widget-wrap elementor-element-populated\">\n\t\t\t\t\t\t<div class=\"elementor-element elementor-element-b4e6f1b elementor-widget elementor-widget-text-editor\" data-id=\"b4e6f1b\" data-element_type=\"widget\" data-widget_type=\"text-editor.default\">\n\t\t\t\t<div class=\"elementor-widget-container\">\n\t\t\t\t\t\t\t\t\t<p><strong>T: +48 668 24 28 40<\/strong><\/p>\t\t\t\t\t\t\t\t<\/div>\n\t\t\t\t<\/div>\n\t\t\t\t\t<\/div>\n\t\t<\/div>\n\t\t\t\t<div class=\"elementor-column elementor-col-25 elementor-top-column elementor-element elementor-element-ac017d4\" data-id=\"ac017d4\" data-element_type=\"column\">\n\t\t\t<div class=\"elementor-widget-wrap elementor-element-populated\">\n\t\t\t\t\t\t<div class=\"elementor-element elementor-element-54c60bf elementor-widget elementor-widget-text-editor\" data-id=\"54c60bf\" data-element_type=\"widget\" data-widget_type=\"text-editor.default\">\n\t\t\t\t<div class=\"elementor-widget-container\">\n\t\t\t\t\t\t\t\t\t<p><strong>e-mail: kancelaria@radcaprawnysikora.pl<\/strong><\/p>\t\t\t\t\t\t\t\t<\/div>\n\t\t\t\t<\/div>\n\t\t\t\t\t<\/div>\n\t\t<\/div>\n\t\t\t\t\t<\/div>\n\t\t<\/section>\n\t\t\t\t<section class=\"elementor-section elementor-top-section elementor-element elementor-element-38ab15a elementor-section-boxed elementor-section-height-default elementor-section-height-default\" data-id=\"38ab15a\" data-element_type=\"section\">\n\t\t\t\t\t\t<div class=\"elementor-container elementor-column-gap-default\">\n\t\t\t\t\t<div class=\"elementor-column elementor-col-50 elementor-top-column elementor-element elementor-element-e83d7d6\" data-id=\"e83d7d6\" data-element_type=\"column\">\n\t\t\t<div class=\"elementor-widget-wrap elementor-element-populated\">\n\t\t\t\t\t\t<div class=\"elementor-element elementor-element-9fb3e66 elementor-widget elementor-widget-text-editor\" data-id=\"9fb3e66\" data-element_type=\"widget\" data-widget_type=\"text-editor.default\">\n\t\t\t\t<div class=\"elementor-widget-container\">\n\t\t\t\t\t\t\t\t\t<p><strong>Zado\u015b\u0107uczynienie<\/strong><\/p><p>Co w sytuacji, kiedy szkoda po zdarzeniu czy wypadku diametralnie wp\u0142ywa na nasze \u017cycie? W sprawach trudnych Kancelaria OPTIMUM i radcowie\u00a0prawni s\u0142u\u017c\u0105 pomoc\u0105. Kiedy nale\u017cy si\u0119 zado\u015b\u0107uczynienie?<\/p><ul><li>Je\u017celi wyst\u0105pi\u0142 b\u0142\u0105d medyczny podczas operacji, kt\u00f3ry spowodowa\u0142 kolejny zabieg.<\/li><li>W przypadku zaka\u017cenia\u00a0chorob\u0105 zaka\u017an\u0105 przez personel szpitala.<\/li><li>Je\u015bli nast\u0105pi \u015bmier\u0107 osoby bliskiej w wypadku komunikacyjnym b\u0105d\u017a w przypadku przest\u0119pstwa.<\/li><li>Gdy osoba dozna rozstroju zdrowia\u00a0zar\u00f3wno fizycznego, jak i psychicznego z powodu b\u0142\u0119du lekarskiego.<\/li><li>Kiedy zostanie stwierdzone uszkodzenie cia\u0142a w wyniku zdarzenia drogowego.\u00a0<\/li><\/ul><p>Do\u015bwiadczeni prawnicy prowadz\u0105 szkod\u0119 przed ubezpieczycielem, a w razie konieczno\u015bci skierowania sprawy do s\u0105du radcy prawni zadbaj\u0105 o to, \u017ceby ochroni\u0107 prawa Klient\u00f3w. Cho\u0107 zado\u015b\u0107uczynienie cz\u0119sto jest pomijane przez poszkodowanych, to trzeba pami\u0119ta\u0107, \u017ce jest to prawo ka\u017cdej osoby, kt\u00f3ra bra\u0142a udzia\u0142 w wypadku. Poni\u017cej podano og\u00f3lne kryterium tego \u015bwiadczenia. Czemu ono tak naprawd\u0119 s\u0142u\u017cy?<\/p>\t\t\t\t\t\t\t\t<\/div>\n\t\t\t\t<\/div>\n\t\t\t\t\t<\/div>\n\t\t<\/div>\n\t\t\t\t<div class=\"elementor-column elementor-col-50 elementor-top-column elementor-element elementor-element-6b29a8d\" data-id=\"6b29a8d\" data-element_type=\"column\">\n\t\t\t<div class=\"elementor-widget-wrap elementor-element-populated\">\n\t\t\t\t\t\t<div class=\"elementor-element elementor-element-d1e6229 elementor-widget elementor-widget-text-editor\" data-id=\"d1e6229\" data-element_type=\"widget\" data-widget_type=\"text-editor.default\">\n\t\t\t\t<div class=\"elementor-widget-container\">\n\t\t\t\t\t\t\t\t\t<p><strong>Jakie s\u0105 kryteria zado\u015b\u0107uczynienia? Jego forma i zadania<\/strong><\/p><p><strong>Zado\u015b\u0107uczynienie<\/strong> pieni\u0119\u017cne jest roszczeniem maj\u0105cym za zadanie kompensacj\u0119 doznanej krzywdy i powinno wyra\u017ca\u0107 si\u0119 w odpowiedniej sumie pieni\u0119\u017cnej. Podstawowymi kryteriami wyznaczaj\u0105cymi wysoko\u015b\u0107 \u015bwiadczenia s\u0105 m.in.: stopie\u0144 i czas trwania cierpie\u0144 fizycznych i psychicznych rozumianych jako ujemne prze\u017cycia zwi\u0105zane z cierpieniami fizycznymi, a tak\u017ce nast\u0119pstwami uszkodzenia cia\u0142a czy rozstroju zdrowia, trwa\u0142o\u015b\u0107 obra\u017ce\u0144, prognozy na przysz\u0142o\u015b\u0107, wiek Poszkodowanego, skutki w zakresie \u017cycia osobistego, konieczno\u015b\u0107 wyrzeczenia si\u0119 okre\u015blonych czynno\u015bci \u017cyciowych czy korzystania z pomocy innych os\u00f3b.<\/p>\t\t\t\t\t\t\t\t<\/div>\n\t\t\t\t<\/div>\n\t\t\t\t<div class=\"elementor-element elementor-element-43e0b33 elementor-widget elementor-widget-text-editor\" data-id=\"43e0b33\" data-element_type=\"widget\" data-widget_type=\"text-editor.default\">\n\t\t\t\t<div class=\"elementor-widget-container\">\n\t\t\t\t\t\t\t\t\t<p><strong>Zado\u015b\u0107uczynienie za \u015bmier\u0107 bliskich<\/strong><\/p><p>Zdarzaj\u0105 si\u0119 wypadki, kt\u00f3rych konsekwencje s\u0105 nieodwracalne. Kiedy \u015bmier\u0107 przychodzi nagle nikt nie jest na ni\u0105 przygotowany. B\u00f3l, cierpienie, poczucie pustki, osamotnienia, zerwanie wi\u0119zi, niedoko\u0144czone rozmowy, niezrealizowane wsp\u00f3lne plany, puste miejsce przy \u015bwi\u0105tecznym stole, utrata poczucia bezpiecze\u0144stwa i niezmierzone poczucie krzywdy zna ka\u017cdy, kto straci\u0142 kogo\u015b bliskiego. Tej straty nic nie naprawi, natomiast \u015brodkiem, kt\u00f3ry mo\u017ce z\u0142agodzi\u0107 poczucie krzywdy jest zado\u015b\u0107uczynienie. W kancelarii prawnej wykazujemy si\u0119 du\u017c\u0105 empati\u0105, cierpliwo\u015bci\u0105 i zrozumieniem. Staramy si\u0119 wspiera\u0107, przy czym jednocze\u015bnie od ubezpieczycieli odzyskujemy zado\u015b\u0107uczynienie. W takich sprawach najcz\u0119\u015bciej to radca prawny okre\u015bla zado\u015b\u0107uczynienie, bazuj\u0105c na do\u015bwiadczeniu i aktualnym orzecznictwie.<\/p><p><strong>Zado\u015b\u0107uczynienie<\/strong> ma kompensowa\u0107 krzywd\u0119 niemaj\u0105tkow\u0105 jakiej doznali najbli\u017csi zmar\u0142ego. Ma ono na celu z\u0142agodzenie cierpienia i b\u00f3lu po stracie najbli\u017cszej osoby, a tak\u017ce u\u0142atwi\u0107 organizacj\u0119 i urz\u0105dzenie \u017cycia w nowych okoliczno\u015bciach oraz zmotywowa\u0107 do przezwyci\u0119\u017cenia trudno\u015bci \u017cycia.<\/p>\t\t\t\t\t\t\t\t<\/div>\n\t\t\t\t<\/div>\n\t\t\t\t\t<\/div>\n\t\t<\/div>\n\t\t\t\t\t<\/div>\n\t\t<\/section>\n\t\t\t\t<section class=\"elementor-section elementor-top-section elementor-element elementor-element-540a5dc elementor-section-boxed elementor-section-height-default elementor-section-height-default\" data-id=\"540a5dc\" data-element_type=\"section\">\n\t\t\t\t\t\t<div class=\"elementor-container elementor-column-gap-default\">\n\t\t\t\t\t<div class=\"elementor-column elementor-col-50 elementor-top-column elementor-element elementor-element-a75c811\" data-id=\"a75c811\" data-element_type=\"column\">\n\t\t\t<div class=\"elementor-widget-wrap\">\n\t\t\t\t\t\t\t<\/div>\n\t\t<\/div>\n\t\t\t\t<div class=\"elementor-column elementor-col-50 elementor-top-column elementor-element elementor-element-f3702d7\" data-id=\"f3702d7\" data-element_type=\"column\">\n\t\t\t<div class=\"elementor-widget-wrap\">\n\t\t\t\t\t\t\t<\/div>\n\t\t<\/div>\n\t\t\t\t\t<\/div>\n\t\t<\/section>\n\t\t\t\t<\/div>\n\t\t","protected":false},"excerpt":{"rendered":"<p>Kancelaria Radcy Prawnego Ma\u0142gorzata Sikora T: +48 668 24 28 40 e-mail: kancelaria@radcaprawnysikora.pl Zado\u015b\u0107uczynienie Co w sytuacji, kiedy szkoda po zdarzeniu czy wypadku diametralnie wp\u0142ywa na nasze \u017cycie? W sprawach trudnych Kancelaria OPTIMUM i radcowie\u00a0prawni s\u0142u\u017c\u0105 pomoc\u0105. Kiedy nale\u017cy si\u0119 zado\u015b\u0107uczynienie? Je\u017celi wyst\u0105pi\u0142 b\u0142\u0105d medyczny podczas operacji, kt\u00f3ry spowodowa\u0142 kolejny zabieg. W przypadku zaka\u017cenia\u00a0chorob\u0105 zaka\u017an\u0105 [&hellip;]<\/p>\n","protected":false},"author":1,"featured_media":0,"parent":0,"menu_order":0,"comment_status":"closed","ping_status":"closed","template":"elementor_header_footer","meta":{"footnotes":""},"class_list":["post-68","page","type-page","status-publish","hentry","entry"],"_links":{"self":[{"href":"http:\/\/radcaprawnysikora.pl\/index.php?rest_route=\/wp\/v2\/pages\/68","targetHints":{"allow":["GET"]}}],"collection":[{"href":"http:\/\/radcaprawnysikora.pl\/index.php?rest_route=\/wp\/v2\/pages"}],"about":[{"href":"http:\/\/radcaprawnysikora.pl\/index.php?rest_route=\/wp\/v2\/types\/page"}],"author":[{"embeddable":true,"href":"http:\/\/radcaprawnysikora.pl\/index.php?rest_route=\/wp\/v2\/users\/1"}],"replies":[{"embeddable":true,"href":"http:\/\/radcaprawnysikora.pl\/index.php?rest_route=%2Fwp%2Fv2%2Fcomments&post=68"}],"version-history":[{"count":15,"href":"http:\/\/radcaprawnysikora.pl\/index.php?rest_route=\/wp\/v2\/pages\/68\/revisions"}],"predecessor-version":[{"id":379,"href":"http:\/\/radcaprawnysikora.pl\/index.php?rest_route=\/wp\/v2\/pages\/68\/revisions\/379"}],"wp:attachment":[{"href":"http:\/\/radcaprawnysikora.pl\/index.php?rest_route=%2Fwp%2Fv2%2Fmedia&parent=68"}],"curies":[{"name":"wp","href":"https:\/\/api.w.org\/{rel}","templated":true}]}}