{"id":432,"date":"2022-05-09T14:01:17","date_gmt":"2022-05-09T12:01:17","guid":{"rendered":"http:\/\/radcaprawnysikora.pl\/?page_id=432"},"modified":"2026-01-12T18:17:08","modified_gmt":"2026-01-12T17:17:08","slug":"porady-prawne","status":"publish","type":"page","link":"http:\/\/radcaprawnysikora.pl\/?page_id=432","title":{"rendered":"Pomoc prawna"},"content":{"rendered":"\t\t<div data-elementor-type=\"wp-page\" data-elementor-id=\"432\" class=\"elementor elementor-432\">\n\t\t\t\t\t\t<section class=\"elementor-section elementor-top-section elementor-element elementor-element-fd7367d elementor-section-boxed elementor-section-height-default elementor-section-height-default\" data-id=\"fd7367d\" data-element_type=\"section\">\n\t\t\t\t\t\t<div class=\"elementor-container elementor-column-gap-default\">\n\t\t\t\t\t<div class=\"elementor-column elementor-col-25 elementor-top-column elementor-element elementor-element-8f65f59\" data-id=\"8f65f59\" data-element_type=\"column\">\n\t\t\t<div class=\"elementor-widget-wrap elementor-element-populated\">\n\t\t\t\t\t\t<div class=\"elementor-element elementor-element-860062a elementor-widget elementor-widget-text-editor\" data-id=\"860062a\" data-element_type=\"widget\" data-widget_type=\"text-editor.default\">\n\t\t\t\t<div class=\"elementor-widget-container\">\n\t\t\t\t\t\t\t\t\t<p><strong>Kancelaria Radcy Prawnego<\/strong><\/p>\t\t\t\t\t\t\t\t<\/div>\n\t\t\t\t<\/div>\n\t\t\t\t\t<\/div>\n\t\t<\/div>\n\t\t\t\t<div class=\"elementor-column elementor-col-25 elementor-top-column elementor-element elementor-element-1cd2f52\" data-id=\"1cd2f52\" data-element_type=\"column\">\n\t\t\t<div class=\"elementor-widget-wrap elementor-element-populated\">\n\t\t\t\t\t\t<div class=\"elementor-element elementor-element-0b82eb2 elementor-widget elementor-widget-text-editor\" data-id=\"0b82eb2\" data-element_type=\"widget\" data-widget_type=\"text-editor.default\">\n\t\t\t\t<div class=\"elementor-widget-container\">\n\t\t\t\t\t\t\t\t\t<p><strong>Ma\u0142gorzata Sikora<\/strong><\/p>\t\t\t\t\t\t\t\t<\/div>\n\t\t\t\t<\/div>\n\t\t\t\t\t<\/div>\n\t\t<\/div>\n\t\t\t\t<div class=\"elementor-column elementor-col-25 elementor-top-column elementor-element elementor-element-3a3a1a5\" data-id=\"3a3a1a5\" data-element_type=\"column\">\n\t\t\t<div class=\"elementor-widget-wrap elementor-element-populated\">\n\t\t\t\t\t\t<div class=\"elementor-element elementor-element-1e6e456 elementor-widget elementor-widget-text-editor\" data-id=\"1e6e456\" data-element_type=\"widget\" data-widget_type=\"text-editor.default\">\n\t\t\t\t<div class=\"elementor-widget-container\">\n\t\t\t\t\t\t\t\t\t<p><strong>T: +48 668 24 28 40<\/strong><\/p>\t\t\t\t\t\t\t\t<\/div>\n\t\t\t\t<\/div>\n\t\t\t\t\t<\/div>\n\t\t<\/div>\n\t\t\t\t<div class=\"elementor-column elementor-col-25 elementor-top-column elementor-element elementor-element-b3e25fb\" data-id=\"b3e25fb\" data-element_type=\"column\">\n\t\t\t<div class=\"elementor-widget-wrap elementor-element-populated\">\n\t\t\t\t\t\t<div class=\"elementor-element elementor-element-ca68503 elementor-widget elementor-widget-text-editor\" data-id=\"ca68503\" data-element_type=\"widget\" data-widget_type=\"text-editor.default\">\n\t\t\t\t<div class=\"elementor-widget-container\">\n\t\t\t\t\t\t\t\t\t<p><strong>e-mail: kancelaria@radcaprawnysikora.pl<\/strong><\/p>\t\t\t\t\t\t\t\t<\/div>\n\t\t\t\t<\/div>\n\t\t\t\t\t<\/div>\n\t\t<\/div>\n\t\t\t\t\t<\/div>\n\t\t<\/section>\n\t\t\t\t<section class=\"elementor-section elementor-top-section elementor-element elementor-element-3485bbb elementor-section-boxed elementor-section-height-default elementor-section-height-default\" data-id=\"3485bbb\" data-element_type=\"section\">\n\t\t\t\t\t\t<div class=\"elementor-container elementor-column-gap-default\">\n\t\t\t\t\t<div class=\"elementor-column elementor-col-50 elementor-top-column elementor-element elementor-element-c87b7b3\" data-id=\"c87b7b3\" data-element_type=\"column\">\n\t\t\t<div class=\"elementor-widget-wrap elementor-element-populated\">\n\t\t\t\t\t\t<div class=\"elementor-element elementor-element-a814391 elementor-widget elementor-widget-text-editor\" data-id=\"a814391\" data-element_type=\"widget\" data-widget_type=\"text-editor.default\">\n\t\t\t\t<div class=\"elementor-widget-container\">\n\t\t\t\t\t\t\t\t\t<h2 data-start=\"340\" data-end=\"370\">Pomoc prawna \u2013 radca prawny<\/h2><p data-start=\"372\" data-end=\"757\">\u015awiadczenie <strong data-start=\"384\" data-end=\"423\">pomocy prawnej przez radc\u0119 prawnego<\/strong> obejmuje kompleksowe dzia\u0142ania maj\u0105ce na celu ochron\u0119 praw i interes\u00f3w Klienta. Pomoc prawna polega w szczeg\u00f3lno\u015bci na udzielaniu <strong data-start=\"554\" data-end=\"586\">porad i konsultacji prawnych<\/strong>, sporz\u0105dzaniu <strong data-start=\"601\" data-end=\"620\">opinii prawnych<\/strong>, opracowywaniu <strong data-start=\"636\" data-end=\"664\">projekt\u00f3w akt\u00f3w prawnych<\/strong>, a tak\u017ce na <strong data-start=\"677\" data-end=\"729\">reprezentowaniu Klient\u00f3w przed s\u0105dami i urz\u0119dami<\/strong> w charakterze pe\u0142nomocnika.<\/p><p data-start=\"759\" data-end=\"891\">Jako <strong data-start=\"764\" data-end=\"780\">radca prawny<\/strong> \u015bwiadcz\u0119 pomoc prawn\u0105 zar\u00f3wno na etapie przeds\u0105dowym, jak i w toku post\u0119powa\u0144 s\u0105dowych oraz administracyjnych.<\/p><hr data-start=\"893\" data-end=\"896\" \/><h2 data-start=\"898\" data-end=\"933\">Formy \u015bwiadczenia pomocy prawnej<\/h2><p data-start=\"935\" data-end=\"1047\">Pomoc prawna \u015bwiadczona jest w elastycznych i dostosowanych do potrzeb Klienta formach, w szczeg\u00f3lno\u015bci poprzez:<\/p><ul data-start=\"1049\" data-end=\"1472\"><li data-start=\"1049\" data-end=\"1139\"><p data-start=\"1051\" data-end=\"1139\">porady prawne i konsultacje prawne, sporz\u0105dzane tak\u017ce <strong data-start=\"1105\" data-end=\"1136\">na pi\u015bmie i w formie e-mail<\/strong>,<\/p><\/li><li data-start=\"1140\" data-end=\"1203\"><p data-start=\"1142\" data-end=\"1203\">prowadzenie <strong data-start=\"1154\" data-end=\"1182\">negocjacji przeds\u0105dowych<\/strong> w imieniu Klienta,<\/p><\/li><li data-start=\"1204\" data-end=\"1267\"><p data-start=\"1206\" data-end=\"1267\"><strong data-start=\"1206\" data-end=\"1230\">zast\u0119pstwo procesowe<\/strong> przed s\u0105dami wszystkich instancji,<\/p><\/li><li data-start=\"1268\" data-end=\"1352\"><p data-start=\"1270\" data-end=\"1352\">zast\u0119pstwo procesowe przed <strong data-start=\"1297\" data-end=\"1349\">organami administracji pa\u0144stwowej i samorz\u0105dowej<\/strong>,<\/p><\/li><li data-start=\"1353\" data-end=\"1472\"><p data-start=\"1355\" data-end=\"1472\">sporz\u0105dzanie <strong data-start=\"1368\" data-end=\"1471\">pozw\u00f3w, apelacji, za\u017cale\u0144, skarg kasacyjnych, wniosk\u00f3w oraz innych pism procesowych i przeds\u0105dowych<\/strong>.<\/p><\/li><\/ul><hr data-start=\"1474\" data-end=\"1477\" \/><h2 data-start=\"1479\" data-end=\"1519\">Dlaczego warto wybra\u0107 moj\u0105 Kancelari\u0119<\/h2><p data-start=\"1521\" data-end=\"1584\">Decyduj\u0105c si\u0119 na wsp\u00f3\u0142prac\u0119 z moj\u0105 Kancelari\u0105, Klienci zyskuj\u0105:<\/p><ul data-start=\"1586\" data-end=\"1889\"><li data-start=\"1586\" data-end=\"1634\"><p data-start=\"1588\" data-end=\"1634\"><strong data-start=\"1588\" data-end=\"1631\">indywidualne podej\u015bcie do ka\u017cdej sprawy<\/strong>,<\/p><\/li><li data-start=\"1635\" data-end=\"1706\"><p data-start=\"1637\" data-end=\"1706\">wieloletnie do\u015bwiadczenie w <strong data-start=\"1665\" data-end=\"1703\">skutecznym dochodzeniu odszkodowa\u0144<\/strong>,<\/p><\/li><li data-start=\"1707\" data-end=\"1804\"><p data-start=\"1709\" data-end=\"1804\"><strong data-start=\"1709\" data-end=\"1739\">kompleksow\u0105 obs\u0142ug\u0119 prawn\u0105<\/strong> \u2013 od etapu zg\u0142oszenia szkody po uzyskanie wyp\u0142aty \u015bwiadczenia,<\/p><\/li><li data-start=\"1805\" data-end=\"1889\"><p data-start=\"1807\" data-end=\"1889\">przejrzyste zasady wsp\u00f3\u0142pracy oraz <strong data-start=\"1842\" data-end=\"1888\">pe\u0142n\u0105 informacj\u0119 o kosztach pomocy prawnej<\/strong>.<\/p><\/li><\/ul><hr data-start=\"1891\" data-end=\"1894\" \/><h2 data-start=\"1896\" data-end=\"1945\">Specjalizacja \u2013 prawo ubezpiecze\u0144 i zobowi\u0105za\u0144<\/h2><p data-start=\"1947\" data-end=\"2009\">Od <strong data-start=\"1950\" data-end=\"1961\">2008 r.<\/strong> specjalizuj\u0119 si\u0119 w prowadzeniu spraw z zakresu:<\/p><ul data-start=\"2011\" data-end=\"2410\"><li data-start=\"2011\" data-end=\"2056\"><p data-start=\"2013\" data-end=\"2056\"><strong data-start=\"2013\" data-end=\"2034\">prawa ubezpiecze\u0144<\/strong> i likwidacji szk\u00f3d,<\/p><\/li><li data-start=\"2057\" data-end=\"2130\"><p data-start=\"2059\" data-end=\"2130\"><strong data-start=\"2059\" data-end=\"2073\">zobowi\u0105za\u0144<\/strong>, w tym niewykonania oraz nienale\u017cytego wykonania um\u00f3w,<\/p><\/li><li data-start=\"2131\" data-end=\"2175\"><p data-start=\"2133\" data-end=\"2175\">przygotowywania i <strong data-start=\"2151\" data-end=\"2172\">negocjowania um\u00f3w<\/strong>,<\/p><\/li><li data-start=\"2176\" data-end=\"2315\"><p data-start=\"2178\" data-end=\"2315\">reprezentowania Klient\u00f3w w <strong data-start=\"2205\" data-end=\"2312\">sprawach s\u0105dowych przeciwko ubezpieczycielom oraz innym podmiotom zobowi\u0105zanym do zap\u0142aty odszkodowania<\/strong>,<\/p><\/li><li data-start=\"2316\" data-end=\"2410\"><p data-start=\"2318\" data-end=\"2410\">prowadzenia <strong data-start=\"2330\" data-end=\"2372\">post\u0119powa\u0144 przeds\u0105dowych i polubownych<\/strong> jako pe\u0142nomocnik Klient\u00f3w kancelarii.<\/p><\/li><\/ul><p data-start=\"2412\" data-end=\"2619\">Dzi\u0119ki wieloletniej praktyce skutecznie <strong data-start=\"2452\" data-end=\"2478\">chroni\u0119 prawa Klient\u00f3w<\/strong>, odzyskuj\u0119 nale\u017cne <strong data-start=\"2498\" data-end=\"2534\">odszkodowania i zado\u015b\u0107uczynienia<\/strong> oraz dochodz\u0119 roszcze\u0144 wynikaj\u0105cych z niewykonania lub nienale\u017cytego wykonania um\u00f3w.<\/p><p data-start=\"2958\" data-end=\"3028\">\u00a0<\/p><p data-start=\"3030\" data-end=\"3177\">Ka\u017cda sprawa analizowana jest indywidualnie, a nadrz\u0119dnym celem jest <strong data-start=\"3099\" data-end=\"3176\">maksymalna ochrona interes\u00f3w Klienta oraz skuteczne dochodzenie jego praw<\/strong>.<\/p><hr data-start=\"3179\" data-end=\"3182\" \/><h2 data-start=\"3184\" data-end=\"3235\">Dlaczego warto skorzysta\u0107 z mojej pomocy prawnej<\/h2><ul data-start=\"3237\" data-end=\"3566\"><li data-start=\"3237\" data-end=\"3306\"><p data-start=\"3239\" data-end=\"3306\">ponad <strong data-start=\"3245\" data-end=\"3269\">15 lat do\u015bwiadczenia<\/strong> w prawie ubezpiecze\u0144 i zobowi\u0105za\u0144,<\/p><\/li><li data-start=\"3307\" data-end=\"3394\"><p data-start=\"3309\" data-end=\"3394\">skuteczno\u015b\u0107 w <strong data-start=\"3323\" data-end=\"3359\">negocjacjach z ubezpieczycielami<\/strong> oraz prowadzeniu spraw s\u0105dowych,<\/p><\/li><li data-start=\"3395\" data-end=\"3471\"><p data-start=\"3397\" data-end=\"3471\">profesjonalizm oparty na znajomo\u015bci aktualnych przepis\u00f3w i orzecznictwa,<\/p><\/li><li data-start=\"3472\" data-end=\"3566\"><p data-start=\"3474\" data-end=\"3566\"><strong data-start=\"3474\" data-end=\"3499\">pe\u0142ne wsparcie prawne<\/strong> na ka\u017cdym etapie sprawy \u2013 od post\u0119powania przeds\u0105dowego po s\u0105dowe.<\/p><\/li><\/ul><hr data-start=\"3568\" data-end=\"3571\" \/><h2 data-start=\"3573\" data-end=\"3612\">Pomoc prawna na terenie ca\u0142ej Polski<\/h2><p data-start=\"3614\" data-end=\"3913\">Chocia\u017c <strong data-start=\"3622\" data-end=\"3651\">Kancelaria radcy prawnego<\/strong> znajduje si\u0119 we Wroc\u0142awiu, z powodzeniem \u015bwiadcz\u0119 pomoc prawn\u0105 Klientom z <strong data-start=\"3726\" data-end=\"3742\">ca\u0142ej Polski<\/strong>. Dzi\u0119ki nowoczesnym formom kontaktu \u2013 telefonicznemu, e-mailowemu oraz spotkaniom online \u2013 prowadzenie sprawy mo\u017cliwe jest bez konieczno\u015bci osobistej wizyty w kancelarii.<\/p>\t\t\t\t\t\t\t\t<\/div>\n\t\t\t\t<\/div>\n\t\t\t\t\t<\/div>\n\t\t<\/div>\n\t\t\t\t<div class=\"elementor-column elementor-col-50 elementor-top-column elementor-element elementor-element-74e307d\" data-id=\"74e307d\" data-element_type=\"column\">\n\t\t\t<div class=\"elementor-widget-wrap elementor-element-populated\">\n\t\t\t\t\t\t<div class=\"elementor-element elementor-element-f161013 elementor-widget elementor-widget-image\" data-id=\"f161013\" data-element_type=\"widget\" data-widget_type=\"image.default\">\n\t\t\t\t<div class=\"elementor-widget-container\">\n\t\t\t\t\t\t\t\t\t\t\t\t\t\t\t<img fetchpriority=\"high\" decoding=\"async\" width=\"683\" height=\"1024\" src=\"http:\/\/radcaprawnysikora.pl\/wp-content\/uploads\/2026\/01\/foto-r.pr_.2-683x1024.png\" class=\"attachment-large size-large wp-image-542\" alt=\"\" srcset=\"http:\/\/radcaprawnysikora.pl\/wp-content\/uploads\/2026\/01\/foto-r.pr_.2-683x1024.png 683w, http:\/\/radcaprawnysikora.pl\/wp-content\/uploads\/2026\/01\/foto-r.pr_.2-200x300.png 200w, http:\/\/radcaprawnysikora.pl\/wp-content\/uploads\/2026\/01\/foto-r.pr_.2-768x1152.png 768w, http:\/\/radcaprawnysikora.pl\/wp-content\/uploads\/2026\/01\/foto-r.pr_.2.png 1024w\" sizes=\"(max-width: 683px) 100vw, 683px\" \/>\t\t\t\t\t\t\t\t\t\t\t\t\t\t\t<\/div>\n\t\t\t\t<\/div>\n\t\t\t\t\t<\/div>\n\t\t<\/div>\n\t\t\t\t\t<\/div>\n\t\t<\/section>\n\t\t\t\t<\/div>\n\t\t","protected":false},"excerpt":{"rendered":"<p>Kancelaria Radcy Prawnego Ma\u0142gorzata Sikora T: +48 668 24 28 40 e-mail: kancelaria@radcaprawnysikora.pl Pomoc prawna \u2013 radca prawny \u015awiadczenie pomocy prawnej przez radc\u0119 prawnego obejmuje kompleksowe dzia\u0142ania maj\u0105ce na celu ochron\u0119 praw i interes\u00f3w Klienta. Pomoc prawna polega w szczeg\u00f3lno\u015bci na udzielaniu porad i konsultacji prawnych, sporz\u0105dzaniu opinii prawnych, opracowywaniu projekt\u00f3w akt\u00f3w prawnych, a tak\u017ce [&hellip;]<\/p>\n","protected":false},"author":1,"featured_media":0,"parent":0,"menu_order":0,"comment_status":"closed","ping_status":"closed","template":"elementor_header_footer","meta":{"footnotes":""},"class_list":["post-432","page","type-page","status-publish","hentry","entry"],"_links":{"self":[{"href":"http:\/\/radcaprawnysikora.pl\/index.php?rest_route=\/wp\/v2\/pages\/432","targetHints":{"allow":["GET"]}}],"collection":[{"href":"http:\/\/radcaprawnysikora.pl\/index.php?rest_route=\/wp\/v2\/pages"}],"about":[{"href":"http:\/\/radcaprawnysikora.pl\/index.php?rest_route=\/wp\/v2\/types\/page"}],"author":[{"embeddable":true,"href":"http:\/\/radcaprawnysikora.pl\/index.php?rest_route=\/wp\/v2\/users\/1"}],"replies":[{"embeddable":true,"href":"http:\/\/radcaprawnysikora.pl\/index.php?rest_route=%2Fwp%2Fv2%2Fcomments&post=432"}],"version-history":[{"count":20,"href":"http:\/\/radcaprawnysikora.pl\/index.php?rest_route=\/wp\/v2\/pages\/432\/revisions"}],"predecessor-version":[{"id":553,"href":"http:\/\/radcaprawnysikora.pl\/index.php?rest_route=\/wp\/v2\/pages\/432\/revisions\/553"}],"wp:attachment":[{"href":"http:\/\/radcaprawnysikora.pl\/index.php?rest_route=%2Fwp%2Fv2%2Fmedia&parent=432"}],"curies":[{"name":"wp","href":"https:\/\/api.w.org\/{rel}","templated":true}]}}