{"id":3,"date":"2022-01-03T12:49:32","date_gmt":"2022-01-03T11:49:32","guid":{"rendered":"http:\/\/radcaprawnysikora.pl\/?page_id=3"},"modified":"2022-01-08T09:54:34","modified_gmt":"2022-01-08T08:54:34","slug":"polityka-prywatnosci","status":"publish","type":"page","link":"http:\/\/radcaprawnysikora.pl\/?page_id=3","title":{"rendered":"Polityka prywatno\u015bci"},"content":{"rendered":"\t\t<div data-elementor-type=\"wp-page\" data-elementor-id=\"3\" class=\"elementor elementor-3\">\n\t\t\t\t\t\t<section class=\"elementor-section elementor-top-section elementor-element elementor-element-6050c127 elementor-section-boxed elementor-section-height-default elementor-section-height-default\" data-id=\"6050c127\" data-element_type=\"section\">\n\t\t\t\t\t\t<div class=\"elementor-container elementor-column-gap-default\">\n\t\t\t\t\t<div class=\"elementor-column elementor-col-100 elementor-top-column elementor-element elementor-element-686c84e6\" data-id=\"686c84e6\" data-element_type=\"column\">\n\t\t\t<div class=\"elementor-widget-wrap elementor-element-populated\">\n\t\t\t\t\t\t<div class=\"elementor-element elementor-element-4d3b9cbd elementor-widget elementor-widget-text-editor\" data-id=\"4d3b9cbd\" data-element_type=\"widget\" data-widget_type=\"text-editor.default\">\n\t\t\t\t<div class=\"elementor-widget-container\">\n\t\t\t\t\t\t\t\t\t<p><strong>Polityka prywatno\u015bci strony internetowej Kancelarii Odszkodowawczej Optimum<\/strong><\/p>\n<p>Szanujemy Twoj\u0105 prywatno\u015b\u0107!<\/p>\n<p>Nigdy, bez Twojej wyra\u017anej zgody, nie udost\u0119pniamy Twoich danych osobowych ani te\u017c adresu e-mail osobom trzecim.<\/p>\n<p>Administratorem strony internetowej prowadzonej pod adresem www.radcaprawnysikora.pl jest radca prawny Ma\u0142gorzata Sikora, NIP 8981980188.<\/p>\n<p>W przypadku pyta\u0144 skontaktuj si\u0119 pod e-mail: biuro@radcaprawnysikora.pl<\/p>\n<p>Prywatno\u015b\u0107 u\u017cytkownik\u00f3w odwiedzaj\u0105cych stron\u0119 internetow\u0105 www.radcaprawnysikora.pl jest szczeg\u00f3lnie wa\u017cna. Dane przekazane przez u\u017cytkownik\u00f3w oraz dane gromadzone automatycznie s\u0105 wykorzystywane jedynie do cel\u00f3w wskazanych w niniejszej polityce prywatno\u015bci.<\/p>\n<p>Niniejsza polityka prywatno\u015bci dotyczy wy\u0142\u0105cznie strony internetowej www.radcaprawnysikora.pl.<\/p>\n<p>Wszelkie informacje dotycz\u0105ce proces\u00f3w przetwarzania danych osobowych, mo\u017cna uzyska\u0107 kontaktuj\u0105c si\u0119 z administratorem strony.<\/p>\n<p><strong>Dane otrzymane od u\u017cytkownik\u00f3w<\/strong><\/p>\n<p>Kancelaria zbiera informacje o u\u017cytkownikach za po\u015brednictwem zamieszczonych na stronie internetowej formularzy, w celu udzielenia odpowiedzi na zapytanie u\u017cytkownika i przedstawienia za zgod\u0105 u\u017cytkownika informacji handlowej, a w przypadku z\u0142o\u017cenia przez u\u017cytkownika oferty zatrudnienia b\u0105d\u017a wsp\u00f3\u0142pracy, w celu przeprowadzenia procesu rekrutacji. U\u017cytkownik mo\u017ce przekaza\u0107 za pomoc\u0105 formularzy znajduj\u0105cych si\u0119 na stronie internetowej, dane osobowe takie jak numer telefonu i adres e-mail oraz inne dane w zapytaniu skierowanym za po\u015brednictwem formularza. W celu udzielenia prawid\u0142owej odpowiedzi i uzupe\u0142nienia wymaganych informacji u\u017cytkownik mo\u017ce by\u0107 poproszony o dodatkowe informacje.<\/p>\n<p><strong>Przetwarzanie danych osobowych u\u017cytkownik\u00f3w<\/strong><\/p>\n<p>W zakresie, w jakim Kancelaria zbiera od u\u017cytkownik\u00f3w dane osobowe, pe\u0142ni obowi\u0105zki administratora danych i przetwarza dane zgodnie z przepisami Rozporz\u0105dzenia Parlamentu Europejskiego i Rady (UE) 2016\/679 z dnia 27 kwietnia 2016 r. w sprawie ochrony os\u00f3b fizycznych w zwi\u0105zku z przetwarzaniem danych osobowych i w sprawie swobodnego przep\u0142ywu takich danych oraz uchylenia dyrektywy 95\/46\/WE (og\u00f3lne rozporz\u0105dzenie o ochronie danych) \u2013 RODO oraz innych powszechnie obowi\u0105zuj\u0105cych przepis\u00f3w prawa.<\/p>\n<p>Dane osobowe s\u0105 przetwarzane w celach:<\/p>\n<ul>\n<li>udzielenia odpowiedzi na pytanie zg\u0142oszone za po\u015brednictwem formularza<\/li>\n<li>realizacji zam\u00f3wionych us\u0142ug, w tym zakupu przez sklep internetowy<\/li>\n<li>marketingowych zwi\u0105zanych z przygotowaniem i przekazaniem oferty us\u0142ug<\/li>\n<li>udzielenia informacji o us\u0142ugach \u015bwiadczonych na rzecz u\u017cytkownika na podstawie odr\u0119bnej umowy zawartej z Kancelari\u0105 Optimum<\/li>\n<li>procesu rekrutacji \u2013 w przypadku z\u0142o\u017cenia przez U\u017cytkownika oferty zatrudnienia.<\/li>\n<\/ul>\n<p>Zakres zbieranych danych osobowych jest ograniczony do niezb\u0119dnego minimum. Podanie danych jest zupe\u0142nie dobrowolne. Skorzystanie z formularzy na stronie internetowej r\u00f3wnowa\u017cne jest udzieleniu zgody na przetwarzanie danych w celach wymienionych powy\u017cej.<\/p>\n<p>U\u017cytkownik ma prawo dost\u0119pu do swoich danych, ich sprostowania, usuni\u0119cia lub ograniczenia przetwarzania, a tak\u017ce do wniesienia sprzeciwu wobec przetwarzania danych, w tym na marketing us\u0142ug w\u0142asnych oraz do przenoszenia danych. U\u017cytkownik jest uprawniony do cofni\u0119cia wyra\u017conej zgody na przetwarzanie danych w ka\u017cdym czasie, a tak\u017ce do wniesienia skargi w zwi\u0105zku z przetwarzaniem danych do organu nadzorczego.<\/p>\n<p>Dane osobowe mog\u0105 podlega\u0107 profilowaniu, kt\u00f3re ma na celu dopasowanie i zaproponowanie U\u017cytkownikowi nowych us\u0142ug.<\/p>\n<p>Dane osobowe, zebrane za po\u015brednictwem strony internetowej s\u0105 archiwizowane.<\/p>\n<p>Zebrane dane nie s\u0105 udost\u0119pniane osobom trzecim bez zgody os\u00f3b, kt\u00f3rych dane dotycz\u0105, za wyj\u0105tkiem sytuacji wymaganych przepisami powszechnie obowi\u0105zuj\u0105cego prawa.<\/p>\n<p>Na stronie internetowej www.radcaprawnysikora.pl znajduj\u0105 si\u0119 r\u00f3wnie\u017c odno\u015bniki do innych stron www. Zasady korzystania ze stron internetowych i zachowania prywatno\u015bci u\u017cytkownik\u00f3w stron, do kt\u00f3rych u\u017cytkownik zostaje przekierowany za pomoc\u0105 odno\u015bnika, s\u0105 zamieszczone na tych stronach.<\/p>\n<p><strong>Informacje handlowe<\/strong><\/p>\n<p>Kancelaria nie przesy\u0142a niezam\u00f3wionych informacji handlowych. Zgodnie z przepisami ustawy z dnia ustawy z dnia 18 lipca 2002 r. o \u015bwiadczeniu us\u0142ug drog\u0105 elektroniczn\u0105 (tekst jednolity Dz. U. z 2013 r., poz. 1422) informacj\u0119 handlow\u0105 uwa\u017ca si\u0119 za zam\u00f3wion\u0105, je\u017celi odbiorca wyrazi\u0142 zgod\u0119 na jej otrzymywanie, w szczeg\u00f3lno\u015bci udost\u0119pni\u0142 w tym celu identyfikuj\u0105cy go adres elektroniczny. Odbiorca mo\u017ce w ka\u017cdej chwili zrezygnowa\u0107 z otrzymywania informacji handlowych przez z\u0142o\u017cenie stosownego o\u015bwiadczenia, w szczeg\u00f3lno\u015bci za po\u015brednictwem poczty elektronicznej.<\/p>\n<p><strong>Gromadzenie danych zbieranych automatycznie (\u201eplik\u00f3w Cookies\u201d)<\/strong><\/p>\n<p>Kancelaria przechowuje zapytania HTTP kierowane na serwer, kt\u00f3re s\u0105 pobierane automatycznie od u\u017cytkownik\u00f3w odwiedzaj\u0105cych stron\u0119 internetow\u0105 (zwane \u201eplikami Cookies\u201d). Informacje zapisane w plikach Cookies, serwer mo\u017ce odczyta\u0107 przy ponownym po\u0142\u0105czeniu si\u0119 z tego komputera. Korzystanie z witryny jest r\u00f3wnoznaczne z wyra\u017ceniem zgody na umieszczenie plik\u00f3w Cookies na urz\u0105dzeniu ko\u0144cowym u\u017cytkownika. Ka\u017cdy u\u017cytkownik ma mo\u017cliwo\u015b\u0107 wy\u0142\u0105czenia plik\u00f3w Cookies dokonuj\u0105c odpowiedniej konfiguracji przegl\u0105darki.<\/p>\n<p>Pliki Cookies zawieraj\u0105 mi\u0119dzy innymi nast\u0119puj\u0105ce dane:<\/p>\n<ul>\n<li>publiczny adres IP komputera z kt\u00f3rego nadesz\u0142o zapytanie;<\/li>\n<li>informacje o typie systemu operacyjnego u\u017cytkownika;<\/li>\n<li>informacje o przegl\u0105darce u\u017cytkownika,<\/li>\n<li>odwiedzane przez u\u017cytkownika strony, ilo\u015b\u0107 sp\u0119dzanego na ka\u017cdej z nich czasu itp.<\/li>\n<\/ul>\n<p>Pliki Cookies nie zawieraj\u0105 \u017cadnych danych identyfikuj\u0105cych osoby odwiedzaj\u0105ce stron\u0119 internetow\u0105 ani innych informacji zebranych od u\u017cytkownik\u00f3w.<\/p>\n<p><strong>Wykorzystywanie plik\u00f3w Cookies<\/strong><\/p>\n<p>Zebrane pliki Cookies s\u0105 przechowywane przez czas nieokre\u015blony wy\u0142\u0105cznie w celach pomocniczych, s\u0142u\u017c\u0105cych do administrowania stron\u0105 internetow\u0105. Informacje w nich zawarte s\u0105 ujawniane jedynie osobom upowa\u017cnionym do administrowania serwerem strony www.radcaprawnysikora.pl. Pliki Cookies wykorzystywane s\u0105 wy\u0142\u0105cznie w celach statystycznych oraz celem dopasowania zawarto\u015bci i uk\u0142adu strony internetowej do potrzeb odwiedzaj\u0105cych j\u0105 u\u017cytkownik\u00f3w.<\/p>\n<p>Wi\u0119cej informacji na temat plik\u00f3w cookies dost\u0119pnych jest pod adresem <a href=\"http:\/\/www.wszystkoociasteczkach.pl\/\">www.wszystkoociasteczkach.pl<\/a> lub w sekcji Pomoc w menu przegl\u0105darki internetowej.<\/p>\n<p><strong>Google Analytics<\/strong><\/p>\n<p>Niniejsza witryna internetowa korzysta z Google Analytics, us\u0142ugi analizy ogl\u0105dalno\u015bci stron internetowych udost\u0119pnianej przez Google, Inc. (\u201eGoogle\u201d). Google Analytics u\u017cywa \u201eplik\u00f3w cookies\u201d (o kt\u00f3rych mowa powy\u017cej) w celu umo\u017cliwienia witrynie przeanalizowania sposobu, w jaki u\u017cytkownicy z niej korzystaj\u0105. Informacje generowane przez \u201epliki cookie\u201d na temat korzystania z witryny przez u\u017cytkownika (w\u0142\u0105cznie z jego adresem IP) b\u0119d\u0105 przekazywane sp\u00f3\u0142ce Google i przechowywane przez ni\u0105 na serwerach w Stanach Zjednoczonych.<\/p>\n<p>Google b\u0119dzie korzysta\u0142a z tych informacji w celu oceny korzystania z witryny przez u\u017cytkownik\u00f3w, tworzenia raport\u00f3w dotycz\u0105cych ruchu na stronach dla operator\u00f3w witryn, oraz \u015bwiadczenia innych us\u0142ug zwi\u0105zanych z ruchem na witrynach internetowych i korzystaniem z Internetu. Google mo\u017ce r\u00f3wnie\u017c przekazywa\u0107 te informacje osobom trzecim, je\u017celi b\u0119dzie zobowi\u0105zana to uczyni\u0107 na podstawie przepis\u00f3w prawa lub w przypadku, gdy osoby te przetwarzaj\u0105 takie informacje w imieniu Google. Google nie b\u0119dzie \u0142\u0105czy\u0142a adresu IP u\u017cytkownika z \u017cadnymi innymi danymi b\u0119d\u0105cymi w jej posiadaniu. U\u017cytkownik mo\u017ce zrezygnowa\u0107 z \u201eplik\u00f3w cookies\u201d wybieraj\u0105c w przegl\u0105darce ustawienia, o kt\u00f3rych mowa powy\u017cej.<\/p>\n<p>Korzystaj\u0105c z niniejszej witryny internetowej wyra\u017cacie Pa\u0144stwo zgod\u0119 na przetwarzanie przez Google dotycz\u0105cych Pa\u0144stwa danych w spos\u00f3b i w celach okre\u015blonych powy\u017cej.\u201d<\/p>\n<p><strong>Bezpiecze\u0144stwo informacji<\/strong><\/p>\n<p>Kancelaria stosuje odpowiednie \u015brodki techniczne i organizacyjne, aby dane osobowe U\u017cytkownika by\u0142y bezpieczne, w tym zabezpiecza dane osobowe przed nieuprawnionym dost\u0119pem, ich utrat\u0105 lub zniszczeniem. W celu zapewnienia bezpiecze\u0144stwa danych osobowych U\u017cytkownika zosta\u0142y wdro\u017cone odpowiednie zabezpieczenia personalne, organizacyjne, techniczne (informatyczne) i fizyczne.<\/p>\n<p><strong>Sklep internetowy<\/strong><\/p>\n<p>W celu dokonania zakup\u00f3w w sklepie internetowym niezb\u0119dne jest podanie imienia, nazwiska, adresu e-mail, numeru telefonu, adresu do rozlicze\u0144 oraz NIP. Podanie danych jest dobrowolne, przy czym jest niezb\u0119dne do realizacji zam\u00f3wienia. Cel przetwarzania to wykonanie umowy sprzeda\u017cy, zawieranej w momencie z\u0142o\u017cenia zam\u00f3wienia ( art. 6 ust. 1 lit. b RODO), wystawienie dokumentu rozliczaj\u0105cego ( art. 6 ust. 1 lit. c RODO) oraz cele archiwizacyjne i statystyczne ( art. 6 ust. 1 lit. f RODO), uwzgl\u0119dnienia faktury w dokumentacji ksi\u0119gowej\u00a0 (art. 6 ust. 1 lit. c RODO). W przypadku z\u0142o\u017cenia reklamacji czy odst\u0105pienia od umowy, podanie danych osobowych jest dobrowolne, jednak jest niezb\u0119dne do realizacji us\u0142ugi. Dane przetwarzane s\u0105 w celu realizacji procesu reklamacji lub odst\u0105pienia od umowy (art. 6 ust. 1 lit. c RODO) i dalej w celach archiwalnych (art. 6 ust. 1 lit. f RODO). Dane b\u0119d\u0105 przechowywane przez czas niezb\u0119dny do realizacji zam\u00f3wienia i ewentualnej reklamacji czy odst\u0105pienia od umowy oraz do czasu up\u0142ywu roszcze\u0144, wynikaj\u0105cych z zawartej w tym procesie umowy. Mog\u0105 by\u0107 przechowywane w celach archiwalnych i statystycznych.<\/p>\n<p><strong>Newsletter<\/strong><br \/>W celu zapisu do newslettera i wysy\u0142ki newslettera, nale\u017cy poda\u0107 adres e-mail oraz imi\u0119. Podanie danych jest dobrowolne i niezb\u0119dne celem realizacji us\u0142ugi. Dane wykorzystywane s\u0105 w celu przesy\u0142ania newslettera, i podstaw\u0105 prawn\u0105 ich przetwarzania jest Twoja zgoda, wyra\u017cona podczas zapisywania si\u0119 do newslettera (art. 6 ust. 1 lit. a RODO). Podanie danych jest dobrowolne i niezb\u0119dne w celu realizacji us\u0142ugi wysy\u0142ania newslettera. Dane b\u0119d\u0105 przetwarzane przez czas funkcjonowania newslettera. W ka\u017cdym czasie mo\u017cesz za\u017c\u0105da\u0107 usuni\u0119cia zapisu do newslettera i zrezygnowa\u0107 z jego dalszego otrzymywania, sprostowania danych osobowych, usuni\u0119cia danych osobowych. Przys\u0142uguje Ci r\u00f3wnie\u017c prawo do przenoszenia danych, o kt\u00f3rym mowa w art. 20 RODO.Mo\u017cesz r\u00f3wnie\u017c samodzielnie dokona\u0107 wypisania si\u0119 z newslettera, poprzez wyb\u00f3r odpowiedniego pola w wiadomo\u015bci e-mail.\u00a0 Je\u015bli zdecydujesz si\u0119 na wypisanie si\u0119 z newslettera, Twoje dane mog\u0105 by\u0107 przechowywane jeszcze przez okres roku, ze wzgl\u0119du na prawnie uzasadniony interes administratora (art. 6 ust. 1 lit. f RODO)<\/p>\n<p><strong>Zmiany w polityce prywatno\u015bci<\/strong><\/p>\n<p>Kancelaria mo\u017ce zmieni\u0107 obowi\u0105zuj\u0105c\u0105 polityk\u0119 prywatno\u015bci, w szczeg\u00f3lno\u015bci w celu jej dostosowania do wymog\u00f3w okre\u015blonych obowi\u0105zuj\u0105cymi przepisami prawa, informuj\u0105c o dokonanych zmianach na stronie internetowej www.radcaprawnysikora.pl.<\/p>\n\t\t\t\t\t\t\t\t<\/div>\n\t\t\t\t<\/div>\n\t\t\t\t\t<\/div>\n\t\t<\/div>\n\t\t\t\t\t<\/div>\n\t\t<\/section>\n\t\t\t\t<\/div>\n\t\t","protected":false},"excerpt":{"rendered":"<p>Polityka prywatno\u015bci strony internetowej Kancelarii Odszkodowawczej Optimum Szanujemy Twoj\u0105 prywatno\u015b\u0107! Nigdy, bez Twojej wyra\u017anej zgody, nie udost\u0119pniamy Twoich danych osobowych ani te\u017c adresu e-mail osobom trzecim. Administratorem strony internetowej prowadzonej pod adresem www.radcaprawnysikora.pl jest radca prawny Ma\u0142gorzata Sikora, NIP 8981980188. W przypadku pyta\u0144 skontaktuj si\u0119 pod e-mail: biuro@radcaprawnysikora.pl Prywatno\u015b\u0107 u\u017cytkownik\u00f3w odwiedzaj\u0105cych stron\u0119 internetow\u0105 www.radcaprawnysikora.pl jest [&hellip;]<\/p>\n","protected":false},"author":1,"featured_media":0,"parent":0,"menu_order":0,"comment_status":"closed","ping_status":"open","template":"elementor_header_footer","meta":{"footnotes":""},"class_list":["post-3","page","type-page","status-publish","hentry","entry"],"_links":{"self":[{"href":"http:\/\/radcaprawnysikora.pl\/index.php?rest_route=\/wp\/v2\/pages\/3","targetHints":{"allow":["GET"]}}],"collection":[{"href":"http:\/\/radcaprawnysikora.pl\/index.php?rest_route=\/wp\/v2\/pages"}],"about":[{"href":"http:\/\/radcaprawnysikora.pl\/index.php?rest_route=\/wp\/v2\/types\/page"}],"author":[{"embeddable":true,"href":"http:\/\/radcaprawnysikora.pl\/index.php?rest_route=\/wp\/v2\/users\/1"}],"replies":[{"embeddable":true,"href":"http:\/\/radcaprawnysikora.pl\/index.php?rest_route=%2Fwp%2Fv2%2Fcomments&post=3"}],"version-history":[{"count":7,"href":"http:\/\/radcaprawnysikora.pl\/index.php?rest_route=\/wp\/v2\/pages\/3\/revisions"}],"predecessor-version":[{"id":316,"href":"http:\/\/radcaprawnysikora.pl\/index.php?rest_route=\/wp\/v2\/pages\/3\/revisions\/316"}],"wp:attachment":[{"href":"http:\/\/radcaprawnysikora.pl\/index.php?rest_route=%2Fwp%2Fv2%2Fmedia&parent=3"}],"curies":[{"name":"wp","href":"https:\/\/api.w.org\/{rel}","templated":true}]}}