{"id":284,"date":"2022-01-08T09:27:08","date_gmt":"2022-01-08T08:27:08","guid":{"rendered":"http:\/\/radcaprawnysikora.pl\/?page_id=284"},"modified":"2022-05-09T13:24:06","modified_gmt":"2022-05-09T11:24:06","slug":"szkody-w-mieniu","status":"publish","type":"page","link":"http:\/\/radcaprawnysikora.pl\/?page_id=284","title":{"rendered":"Szkody w mieniu"},"content":{"rendered":"\t\t<div data-elementor-type=\"wp-page\" data-elementor-id=\"284\" class=\"elementor elementor-284\">\n\t\t\t\t\t\t<section class=\"elementor-section elementor-top-section elementor-element elementor-element-b3a3c7b elementor-section-boxed elementor-section-height-default elementor-section-height-default\" data-id=\"b3a3c7b\" data-element_type=\"section\">\n\t\t\t\t\t\t<div class=\"elementor-container elementor-column-gap-default\">\n\t\t\t\t\t<div class=\"elementor-column elementor-col-25 elementor-top-column elementor-element elementor-element-90f01e5\" data-id=\"90f01e5\" data-element_type=\"column\">\n\t\t\t<div class=\"elementor-widget-wrap elementor-element-populated\">\n\t\t\t\t\t\t<div class=\"elementor-element elementor-element-bd0ce68 elementor-widget elementor-widget-text-editor\" data-id=\"bd0ce68\" data-element_type=\"widget\" data-widget_type=\"text-editor.default\">\n\t\t\t\t<div class=\"elementor-widget-container\">\n\t\t\t\t\t\t\t\t\t<p><strong>Kancelaria Radcy Prawnego<\/strong><\/p>\t\t\t\t\t\t\t\t<\/div>\n\t\t\t\t<\/div>\n\t\t\t\t\t<\/div>\n\t\t<\/div>\n\t\t\t\t<div class=\"elementor-column elementor-col-25 elementor-top-column elementor-element elementor-element-feee972\" data-id=\"feee972\" data-element_type=\"column\">\n\t\t\t<div class=\"elementor-widget-wrap elementor-element-populated\">\n\t\t\t\t\t\t<div class=\"elementor-element elementor-element-fc4e563 elementor-widget elementor-widget-text-editor\" data-id=\"fc4e563\" data-element_type=\"widget\" data-widget_type=\"text-editor.default\">\n\t\t\t\t<div class=\"elementor-widget-container\">\n\t\t\t\t\t\t\t\t\t<p><strong>Ma\u0142gorzata Sikora<\/strong><\/p>\t\t\t\t\t\t\t\t<\/div>\n\t\t\t\t<\/div>\n\t\t\t\t\t<\/div>\n\t\t<\/div>\n\t\t\t\t<div class=\"elementor-column elementor-col-25 elementor-top-column elementor-element elementor-element-70aab87\" data-id=\"70aab87\" data-element_type=\"column\">\n\t\t\t<div class=\"elementor-widget-wrap elementor-element-populated\">\n\t\t\t\t\t\t<div class=\"elementor-element elementor-element-7791aa8 elementor-widget elementor-widget-text-editor\" data-id=\"7791aa8\" data-element_type=\"widget\" data-widget_type=\"text-editor.default\">\n\t\t\t\t<div class=\"elementor-widget-container\">\n\t\t\t\t\t\t\t\t\t<p><strong>T: +48 668 24 28 40<\/strong><\/p>\t\t\t\t\t\t\t\t<\/div>\n\t\t\t\t<\/div>\n\t\t\t\t\t<\/div>\n\t\t<\/div>\n\t\t\t\t<div class=\"elementor-column elementor-col-25 elementor-top-column elementor-element elementor-element-dab18bd\" data-id=\"dab18bd\" data-element_type=\"column\">\n\t\t\t<div class=\"elementor-widget-wrap elementor-element-populated\">\n\t\t\t\t\t\t<div class=\"elementor-element elementor-element-a2d2f74 elementor-widget elementor-widget-text-editor\" data-id=\"a2d2f74\" data-element_type=\"widget\" data-widget_type=\"text-editor.default\">\n\t\t\t\t<div class=\"elementor-widget-container\">\n\t\t\t\t\t\t\t\t\t<p><strong>e-mail: kancelaria@radcaprawnysikora.pl<\/strong><\/p>\t\t\t\t\t\t\t\t<\/div>\n\t\t\t\t<\/div>\n\t\t\t\t\t<\/div>\n\t\t<\/div>\n\t\t\t\t\t<\/div>\n\t\t<\/section>\n\t\t\t\t<section class=\"elementor-section elementor-top-section elementor-element elementor-element-6499cd1 elementor-section-boxed elementor-section-height-default elementor-section-height-default\" data-id=\"6499cd1\" data-element_type=\"section\">\n\t\t\t\t\t\t<div class=\"elementor-container elementor-column-gap-default\">\n\t\t\t\t\t<div class=\"elementor-column elementor-col-100 elementor-top-column elementor-element elementor-element-178e265\" data-id=\"178e265\" data-element_type=\"column\">\n\t\t\t<div class=\"elementor-widget-wrap elementor-element-populated\">\n\t\t\t\t\t\t<div class=\"elementor-element elementor-element-8b081ce elementor-widget elementor-widget-text-editor\" data-id=\"8b081ce\" data-element_type=\"widget\" data-widget_type=\"text-editor.default\">\n\t\t\t\t<div class=\"elementor-widget-container\">\n\t\t\t\t\t\t\t\t\t<p><strong>Szkody w mieniu<\/strong><\/p>\n<p><strong>Szkod\u0105 maj\u0105tkow\u0105 jest naruszenie d\u00f3br i interes\u00f3w, kt\u00f3re nast\u0105pi\u0142o wbrew woli Poszkodowanego i doprowadzi\u0142o do zmniejszenia jego maj\u0105tku<\/strong>. Przyczyny szk\u00f3d maj\u0105tkowych mog\u0105 by\u0107 ro\u017cne, mog\u0105 by\u0107 to:<\/p>\n<ul>\n<li>przyczyny zewn\u0119trzne takie jak po\u017car, zalanie, st\u0142uczenie szyb, uderzenie pioruna, nap\u00f3r \u015bniegu i inne,<\/li>\n<li>przyczyny wewn\u0119trzne jak na przyk\u0142ad awaria maszyn, rozerwanie na skutek si\u0142y od\u015brodkowej, niew\u0142a\u015bciwa obs\u0142uga i inne,<\/li>\n<li>umy\u015blne lub nieumy\u015blne dzia\u0142anie os\u00f3b trzecich.<\/li>\n<\/ul>\n<p>S\u0105 to jedynie przyk\u0142adowo wymienione sytuacje, kt\u00f3rych skutkiem jest powstanie szkody w mieniu Poszkodowanego.<\/p>\n<p>Szkody s\u0105 likwidowane najcz\u0119\u015bciej w ramach w\u0142asnej polisy maj\u0105tkowej, jak ubezpieczenie domu czy ubezpieczanie mienia przedsi\u0119biorstwa. Je\u015bli odpowiedzialno\u015b\u0107 za szkod\u0119 ponosi osoba trzecia w\u00f3wczas to ona b\u0119dzie zobowi\u0105zana do jej naprawienia.<\/p><p><br><\/p><p><br><\/p>\t\t\t\t\t\t\t\t<\/div>\n\t\t\t\t<\/div>\n\t\t\t\t\t<\/div>\n\t\t<\/div>\n\t\t\t\t\t<\/div>\n\t\t<\/section>\n\t\t\t\t<\/div>\n\t\t","protected":false},"excerpt":{"rendered":"<p>Kancelaria Radcy Prawnego Ma\u0142gorzata Sikora T: +48 668 24 28 40 e-mail: kancelaria@radcaprawnysikora.pl Szkody w mieniu Szkod\u0105 maj\u0105tkow\u0105 jest naruszenie d\u00f3br i interes\u00f3w, kt\u00f3re nast\u0105pi\u0142o wbrew woli Poszkodowanego i doprowadzi\u0142o do zmniejszenia jego maj\u0105tku. Przyczyny szk\u00f3d maj\u0105tkowych mog\u0105 by\u0107 ro\u017cne, mog\u0105 by\u0107 to: przyczyny zewn\u0119trzne takie jak po\u017car, zalanie, st\u0142uczenie szyb, uderzenie pioruna, nap\u00f3r \u015bniegu [&hellip;]<\/p>\n","protected":false},"author":1,"featured_media":0,"parent":0,"menu_order":0,"comment_status":"closed","ping_status":"closed","template":"elementor_header_footer","meta":{"footnotes":""},"class_list":["post-284","page","type-page","status-publish","hentry","entry"],"_links":{"self":[{"href":"http:\/\/radcaprawnysikora.pl\/index.php?rest_route=\/wp\/v2\/pages\/284","targetHints":{"allow":["GET"]}}],"collection":[{"href":"http:\/\/radcaprawnysikora.pl\/index.php?rest_route=\/wp\/v2\/pages"}],"about":[{"href":"http:\/\/radcaprawnysikora.pl\/index.php?rest_route=\/wp\/v2\/types\/page"}],"author":[{"embeddable":true,"href":"http:\/\/radcaprawnysikora.pl\/index.php?rest_route=\/wp\/v2\/users\/1"}],"replies":[{"embeddable":true,"href":"http:\/\/radcaprawnysikora.pl\/index.php?rest_route=%2Fwp%2Fv2%2Fcomments&post=284"}],"version-history":[{"count":7,"href":"http:\/\/radcaprawnysikora.pl\/index.php?rest_route=\/wp\/v2\/pages\/284\/revisions"}],"predecessor-version":[{"id":396,"href":"http:\/\/radcaprawnysikora.pl\/index.php?rest_route=\/wp\/v2\/pages\/284\/revisions\/396"}],"wp:attachment":[{"href":"http:\/\/radcaprawnysikora.pl\/index.php?rest_route=%2Fwp%2Fv2%2Fmedia&parent=284"}],"curies":[{"name":"wp","href":"https:\/\/api.w.org\/{rel}","templated":true}]}}