{"id":255,"date":"2022-01-08T09:18:42","date_gmt":"2022-01-08T08:18:42","guid":{"rendered":"http:\/\/radcaprawnysikora.pl\/?page_id=255"},"modified":"2022-05-09T13:26:42","modified_gmt":"2022-05-09T11:26:42","slug":"likwidacja-szkody-z-wlasnej-polisy-2","status":"publish","type":"page","link":"http:\/\/radcaprawnysikora.pl\/?page_id=255","title":{"rendered":"Likwidacja szkody z w\u0142asnej polisy"},"content":{"rendered":"\t\t<div data-elementor-type=\"wp-page\" data-elementor-id=\"255\" class=\"elementor elementor-255\">\n\t\t\t\t\t\t<section class=\"elementor-section elementor-top-section elementor-element elementor-element-bab8a64 elementor-section-boxed elementor-section-height-default elementor-section-height-default\" data-id=\"bab8a64\" data-element_type=\"section\">\n\t\t\t\t\t\t<div class=\"elementor-container elementor-column-gap-default\">\n\t\t\t\t\t<div class=\"elementor-column elementor-col-25 elementor-top-column elementor-element elementor-element-a73390c\" data-id=\"a73390c\" data-element_type=\"column\">\n\t\t\t<div class=\"elementor-widget-wrap elementor-element-populated\">\n\t\t\t\t\t\t<div class=\"elementor-element elementor-element-0855350 elementor-widget elementor-widget-text-editor\" data-id=\"0855350\" data-element_type=\"widget\" data-widget_type=\"text-editor.default\">\n\t\t\t\t<div class=\"elementor-widget-container\">\n\t\t\t\t\t\t\t\t\t<p><strong>Kancelaria Radcy Prawnego<\/strong><\/p>\t\t\t\t\t\t\t\t<\/div>\n\t\t\t\t<\/div>\n\t\t\t\t\t<\/div>\n\t\t<\/div>\n\t\t\t\t<div class=\"elementor-column elementor-col-25 elementor-top-column elementor-element elementor-element-fc7400d\" data-id=\"fc7400d\" data-element_type=\"column\">\n\t\t\t<div class=\"elementor-widget-wrap elementor-element-populated\">\n\t\t\t\t\t\t<div class=\"elementor-element elementor-element-76b7ba2 elementor-widget elementor-widget-text-editor\" data-id=\"76b7ba2\" data-element_type=\"widget\" data-widget_type=\"text-editor.default\">\n\t\t\t\t<div class=\"elementor-widget-container\">\n\t\t\t\t\t\t\t\t\t<p><strong>Ma\u0142gorzata Sikora<\/strong><\/p>\t\t\t\t\t\t\t\t<\/div>\n\t\t\t\t<\/div>\n\t\t\t\t\t<\/div>\n\t\t<\/div>\n\t\t\t\t<div class=\"elementor-column elementor-col-25 elementor-top-column elementor-element elementor-element-209c036\" data-id=\"209c036\" data-element_type=\"column\">\n\t\t\t<div class=\"elementor-widget-wrap elementor-element-populated\">\n\t\t\t\t\t\t<div class=\"elementor-element elementor-element-50d5b16 elementor-widget elementor-widget-text-editor\" data-id=\"50d5b16\" data-element_type=\"widget\" data-widget_type=\"text-editor.default\">\n\t\t\t\t<div class=\"elementor-widget-container\">\n\t\t\t\t\t\t\t\t\t<p><strong>T: +48 668 24 28 40<\/strong><\/p>\t\t\t\t\t\t\t\t<\/div>\n\t\t\t\t<\/div>\n\t\t\t\t\t<\/div>\n\t\t<\/div>\n\t\t\t\t<div class=\"elementor-column elementor-col-25 elementor-top-column elementor-element elementor-element-f76b91a\" data-id=\"f76b91a\" data-element_type=\"column\">\n\t\t\t<div class=\"elementor-widget-wrap elementor-element-populated\">\n\t\t\t\t\t\t<div class=\"elementor-element elementor-element-5314eb2 elementor-widget elementor-widget-text-editor\" data-id=\"5314eb2\" data-element_type=\"widget\" data-widget_type=\"text-editor.default\">\n\t\t\t\t<div class=\"elementor-widget-container\">\n\t\t\t\t\t\t\t\t\t<p><strong>e-mail: kancelaria@radcaprawnysikora.pl<\/strong><\/p>\t\t\t\t\t\t\t\t<\/div>\n\t\t\t\t<\/div>\n\t\t\t\t\t<\/div>\n\t\t<\/div>\n\t\t\t\t\t<\/div>\n\t\t<\/section>\n\t\t\t\t<section class=\"elementor-section elementor-top-section elementor-element elementor-element-f1f25d0 elementor-section-boxed elementor-section-height-default elementor-section-height-default\" data-id=\"f1f25d0\" data-element_type=\"section\">\n\t\t\t\t\t\t<div class=\"elementor-container elementor-column-gap-default\">\n\t\t\t\t\t<div class=\"elementor-column elementor-col-100 elementor-top-column elementor-element elementor-element-b9a0c00\" data-id=\"b9a0c00\" data-element_type=\"column\">\n\t\t\t<div class=\"elementor-widget-wrap elementor-element-populated\">\n\t\t\t\t\t\t<div class=\"elementor-element elementor-element-edf8eb0 elementor-widget elementor-widget-text-editor\" data-id=\"edf8eb0\" data-element_type=\"widget\" data-widget_type=\"text-editor.default\">\n\t\t\t\t<div class=\"elementor-widget-container\">\n\t\t\t\t\t\t\t\t\t<div><strong>Likwidacja szkody z w\u0142asnej polisy<\/strong> <\/div>\n<div>&nbsp;<\/div>\n<p><strong>Likwidacja szkody maj\u0105tkowej z w\u0142asnej polisy<\/strong> wydaje si\u0119 by\u0107 najprostszym rozwi\u0105zaniem, poniewa\u017c nie trzeba szuka\u0107 winnego szkody, a z za\u0142o\u017cenia polisa ubezpieczeniowa ma zapewni\u0107 odbudow\u0119 zniszczonego mienia. W praktyce likwidacji szk\u00f3d okazuje si\u0119, \u017ce ubezpieczyciele nie wyp\u0142acaj\u0105 odszkodowa\u0144 lub szukaj\u0105 sposob\u00f3w na minimalizacj\u0119 odszkodowania.<\/p>\n<p>Poszkodowani niejednokrotnie maj\u0105 problemy z udowodnieniem powstania szkody czy poniesionych koszt\u00f3w naprawy, szczeg\u00f3lnie je\u015bli naprawa zosta\u0142a dokonana systemem gospodarczym.<\/p>\n<p>Jednocze\u015bnie ubezpieczyciele licz\u0105 na to, \u017ce Poszkodowany zadowoli si\u0119 jedynie cz\u0119\u015bciowym odszkodowaniem, a pozosta\u0142a cz\u0119\u015b\u0107 poniesionych przez Poszkodowanego koszt\u00f3w naprawy pozostanie w bud\u017cecie ubezpieczyciela.<\/p>\n<p><strong>W kancelarii we Wroc\u0142awiu prowadzimy sprawy z ca\u0142ej Polski. Najcz\u0119stsze sprawy to zalania lub po\u017cary. <\/strong><\/p>\n<p>Dochodzenie odszkodowania przy powa\u017cnej szkodzie maj\u0105tkowej bywa skomplikowane i wymaga wiedzy specjalist\u00f3w z r\u00f3\u017cnych dziedzin, kt\u00f3rzy pomagaj\u0105 ustali\u0107 przyczyn\u0119 i rozmiar szkody. W razie braku mo\u017cliwo\u015bci polubownego rozwi\u0105zania sporu wsparcie otrzymujemy od radcy prawnego, do\u015bwiadczonego w odszkodowaniach dotycz\u0105cych szk\u00f3d maj\u0105tkowych.<\/p><p><br><\/p><p><br><\/p>\t\t\t\t\t\t\t\t<\/div>\n\t\t\t\t<\/div>\n\t\t\t\t\t<\/div>\n\t\t<\/div>\n\t\t\t\t\t<\/div>\n\t\t<\/section>\n\t\t\t\t<\/div>\n\t\t","protected":false},"excerpt":{"rendered":"<p>Kancelaria Radcy Prawnego Ma\u0142gorzata Sikora T: +48 668 24 28 40 e-mail: kancelaria@radcaprawnysikora.pl Likwidacja szkody z w\u0142asnej polisy &nbsp; Likwidacja szkody maj\u0105tkowej z w\u0142asnej polisy wydaje si\u0119 by\u0107 najprostszym rozwi\u0105zaniem, poniewa\u017c nie trzeba szuka\u0107 winnego szkody, a z za\u0142o\u017cenia polisa ubezpieczeniowa ma zapewni\u0107 odbudow\u0119 zniszczonego mienia. W praktyce likwidacji szk\u00f3d okazuje si\u0119, \u017ce ubezpieczyciele nie [&hellip;]<\/p>\n","protected":false},"author":1,"featured_media":0,"parent":0,"menu_order":0,"comment_status":"closed","ping_status":"closed","template":"elementor_header_footer","meta":{"footnotes":""},"class_list":["post-255","page","type-page","status-publish","hentry","entry"],"_links":{"self":[{"href":"http:\/\/radcaprawnysikora.pl\/index.php?rest_route=\/wp\/v2\/pages\/255","targetHints":{"allow":["GET"]}}],"collection":[{"href":"http:\/\/radcaprawnysikora.pl\/index.php?rest_route=\/wp\/v2\/pages"}],"about":[{"href":"http:\/\/radcaprawnysikora.pl\/index.php?rest_route=\/wp\/v2\/types\/page"}],"author":[{"embeddable":true,"href":"http:\/\/radcaprawnysikora.pl\/index.php?rest_route=\/wp\/v2\/users\/1"}],"replies":[{"embeddable":true,"href":"http:\/\/radcaprawnysikora.pl\/index.php?rest_route=%2Fwp%2Fv2%2Fcomments&post=255"}],"version-history":[{"count":16,"href":"http:\/\/radcaprawnysikora.pl\/index.php?rest_route=\/wp\/v2\/pages\/255\/revisions"}],"predecessor-version":[{"id":408,"href":"http:\/\/radcaprawnysikora.pl\/index.php?rest_route=\/wp\/v2\/pages\/255\/revisions\/408"}],"wp:attachment":[{"href":"http:\/\/radcaprawnysikora.pl\/index.php?rest_route=%2Fwp%2Fv2%2Fmedia&parent=255"}],"curies":[{"name":"wp","href":"https:\/\/api.w.org\/{rel}","templated":true}]}}