{"id":239,"date":"2022-01-08T09:15:27","date_gmt":"2022-01-08T08:15:27","guid":{"rendered":"http:\/\/radcaprawnysikora.pl\/?page_id=239"},"modified":"2022-05-09T13:23:50","modified_gmt":"2022-05-09T11:23:50","slug":"szkody-w-mieniu-firmowym","status":"publish","type":"page","link":"http:\/\/radcaprawnysikora.pl\/?page_id=239","title":{"rendered":"Szkody w mieniu firmowym"},"content":{"rendered":"\t\t<div data-elementor-type=\"wp-page\" data-elementor-id=\"239\" class=\"elementor elementor-239\">\n\t\t\t\t\t\t<section class=\"elementor-section elementor-top-section elementor-element elementor-element-7ccc88a elementor-section-boxed elementor-section-height-default elementor-section-height-default\" data-id=\"7ccc88a\" data-element_type=\"section\">\n\t\t\t\t\t\t<div class=\"elementor-container elementor-column-gap-default\">\n\t\t\t\t\t<div class=\"elementor-column elementor-col-25 elementor-top-column elementor-element elementor-element-97c0cc4\" data-id=\"97c0cc4\" data-element_type=\"column\">\n\t\t\t<div class=\"elementor-widget-wrap elementor-element-populated\">\n\t\t\t\t\t\t<div class=\"elementor-element elementor-element-72b1c5b elementor-widget elementor-widget-text-editor\" data-id=\"72b1c5b\" data-element_type=\"widget\" data-widget_type=\"text-editor.default\">\n\t\t\t\t<div class=\"elementor-widget-container\">\n\t\t\t\t\t\t\t\t\t<p><strong>Kancelaria Radcy Prawnego<\/strong><\/p>\t\t\t\t\t\t\t\t<\/div>\n\t\t\t\t<\/div>\n\t\t\t\t\t<\/div>\n\t\t<\/div>\n\t\t\t\t<div class=\"elementor-column elementor-col-25 elementor-top-column elementor-element elementor-element-c380d9e\" data-id=\"c380d9e\" data-element_type=\"column\">\n\t\t\t<div class=\"elementor-widget-wrap elementor-element-populated\">\n\t\t\t\t\t\t<div class=\"elementor-element elementor-element-eda6fc2 elementor-widget elementor-widget-text-editor\" data-id=\"eda6fc2\" data-element_type=\"widget\" data-widget_type=\"text-editor.default\">\n\t\t\t\t<div class=\"elementor-widget-container\">\n\t\t\t\t\t\t\t\t\t<p><strong>Ma\u0142gorzata Sikora<\/strong><\/p>\t\t\t\t\t\t\t\t<\/div>\n\t\t\t\t<\/div>\n\t\t\t\t\t<\/div>\n\t\t<\/div>\n\t\t\t\t<div class=\"elementor-column elementor-col-25 elementor-top-column elementor-element elementor-element-1845627\" data-id=\"1845627\" data-element_type=\"column\">\n\t\t\t<div class=\"elementor-widget-wrap elementor-element-populated\">\n\t\t\t\t\t\t<div class=\"elementor-element elementor-element-5bf3e79 elementor-widget elementor-widget-text-editor\" data-id=\"5bf3e79\" data-element_type=\"widget\" data-widget_type=\"text-editor.default\">\n\t\t\t\t<div class=\"elementor-widget-container\">\n\t\t\t\t\t\t\t\t\t<p><strong>T: +48 668 24 28 40<\/strong><\/p>\t\t\t\t\t\t\t\t<\/div>\n\t\t\t\t<\/div>\n\t\t\t\t\t<\/div>\n\t\t<\/div>\n\t\t\t\t<div class=\"elementor-column elementor-col-25 elementor-top-column elementor-element elementor-element-ff98012\" data-id=\"ff98012\" data-element_type=\"column\">\n\t\t\t<div class=\"elementor-widget-wrap elementor-element-populated\">\n\t\t\t\t\t\t<div class=\"elementor-element elementor-element-cd599db elementor-widget elementor-widget-text-editor\" data-id=\"cd599db\" data-element_type=\"widget\" data-widget_type=\"text-editor.default\">\n\t\t\t\t<div class=\"elementor-widget-container\">\n\t\t\t\t\t\t\t\t\t<p><strong>e-mail: kancelaria@radcaprawnysikora.pl<\/strong><\/p>\t\t\t\t\t\t\t\t<\/div>\n\t\t\t\t<\/div>\n\t\t\t\t\t<\/div>\n\t\t<\/div>\n\t\t\t\t\t<\/div>\n\t\t<\/section>\n\t\t\t\t<section class=\"elementor-section elementor-top-section elementor-element elementor-element-e6cd8cd elementor-section-boxed elementor-section-height-default elementor-section-height-default\" data-id=\"e6cd8cd\" data-element_type=\"section\">\n\t\t\t\t\t\t<div class=\"elementor-container elementor-column-gap-default\">\n\t\t\t\t\t<div class=\"elementor-column elementor-col-100 elementor-top-column elementor-element elementor-element-4bfa61a\" data-id=\"4bfa61a\" data-element_type=\"column\">\n\t\t\t<div class=\"elementor-widget-wrap elementor-element-populated\">\n\t\t\t\t\t\t<div class=\"elementor-element elementor-element-598d9e3 elementor-widget elementor-widget-text-editor\" data-id=\"598d9e3\" data-element_type=\"widget\" data-widget_type=\"text-editor.default\">\n\t\t\t\t<div class=\"elementor-widget-container\">\n\t\t\t\t\t\t\t\t\t<p><strong>Szkody w mieniu firmowy<\/strong><\/p>\n<p><strong>Szkoda w maj\u0105tku przedsi\u0119biorstwa<\/strong> potrafi mocno nadszarpn\u0105\u0107 p\u0142ynno\u015b\u0107 finansow\u0105 firmy, a nawet wp\u0142yn\u0105\u0107 na jej dalsze funkcjonowanie w obrocie gospodarczym. W przypadku zaistnienia szkody przedsi\u0119biorca nie tylko musi martwi\u0107 si\u0119 o odbudow\u0119 zniszczonego mienia (np. spalonego budynku czy parku maszynowego), ale tak\u017ce o realizacj\u0119 zawartych kontrakt\u00f3w, zobowi\u0105zania wobec pracownik\u00f3w, utracony zysk i wiele innych element\u00f3w, kt\u00f3re ka\u017cdorazowo pojawiaj\u0105 si\u0119 w takich sytuacjach.<\/p>\n<p>Przy likwidacji szk\u00f3d w mieniu firmowym wa\u017cna jest wsp\u00f3\u0142praca z ubezpieczycielem, aby prawid\u0142owo zosta\u0142a ustalona przyczyna szkody oraz aby jej rozmiar by\u0142 prawid\u0142owo wyliczony, a ewentualne dodatkowe koszty zosta\u0142y pokryte z polisy maj\u0105tkowej.<\/p>\n<p>W takich sytuacjach warto mie\u0107 przy sobie do\u015bwiadczonego w tej materii prawnika, kt\u00f3ry pomo\u017ce w dochodzeniu odszkodowania po wypadku i b\u0119dzie pilnowa\u0142 prawid\u0142owo\u015bci procesu likwidacji. Radca prawny specjalizuj\u0105cy si\u0119 w ubezpieczeniach przeanalizuje pod k\u0105tem prawnym okoliczno\u015bci powstania szkody, polis\u0119 i OWU, okre\u015blaj\u0105c jakie zdarzenia s\u0105 obj\u0119te ochron\u0105 i w jakim zakresie ubezpieczyciel b\u0119dzie zobowi\u0105zany do wyp\u0142aty odszkodowania. Na tej podstawie Poszkodowany b\u0119dzie wiedzia\u0142 w jakim zakresie ubezpieczyciel pokryje koszty np. na uprz\u0105tni\u0119cie zniszczonego mienia oraz dowie si\u0119 jakie inne roszczenia, poza odbudow\u0105 mienia, mo\u017ce kierowa\u0107 do ubezpieczyciela.<\/p><p><br><\/p><p><br><\/p><p><br><\/p>\n<p><br><\/p>\t\t\t\t\t\t\t\t<\/div>\n\t\t\t\t<\/div>\n\t\t\t\t\t<\/div>\n\t\t<\/div>\n\t\t\t\t\t<\/div>\n\t\t<\/section>\n\t\t\t\t<\/div>\n\t\t","protected":false},"excerpt":{"rendered":"<p>Kancelaria Radcy Prawnego Ma\u0142gorzata Sikora T: +48 668 24 28 40 e-mail: kancelaria@radcaprawnysikora.pl Szkody w mieniu firmowy Szkoda w maj\u0105tku przedsi\u0119biorstwa potrafi mocno nadszarpn\u0105\u0107 p\u0142ynno\u015b\u0107 finansow\u0105 firmy, a nawet wp\u0142yn\u0105\u0107 na jej dalsze funkcjonowanie w obrocie gospodarczym. W przypadku zaistnienia szkody przedsi\u0119biorca nie tylko musi martwi\u0107 si\u0119 o odbudow\u0119 zniszczonego mienia (np. spalonego budynku czy [&hellip;]<\/p>\n","protected":false},"author":1,"featured_media":0,"parent":0,"menu_order":0,"comment_status":"closed","ping_status":"closed","template":"elementor_header_footer","meta":{"footnotes":""},"class_list":["post-239","page","type-page","status-publish","hentry","entry"],"_links":{"self":[{"href":"http:\/\/radcaprawnysikora.pl\/index.php?rest_route=\/wp\/v2\/pages\/239","targetHints":{"allow":["GET"]}}],"collection":[{"href":"http:\/\/radcaprawnysikora.pl\/index.php?rest_route=\/wp\/v2\/pages"}],"about":[{"href":"http:\/\/radcaprawnysikora.pl\/index.php?rest_route=\/wp\/v2\/types\/page"}],"author":[{"embeddable":true,"href":"http:\/\/radcaprawnysikora.pl\/index.php?rest_route=\/wp\/v2\/users\/1"}],"replies":[{"embeddable":true,"href":"http:\/\/radcaprawnysikora.pl\/index.php?rest_route=%2Fwp%2Fv2%2Fcomments&post=239"}],"version-history":[{"count":12,"href":"http:\/\/radcaprawnysikora.pl\/index.php?rest_route=\/wp\/v2\/pages\/239\/revisions"}],"predecessor-version":[{"id":395,"href":"http:\/\/radcaprawnysikora.pl\/index.php?rest_route=\/wp\/v2\/pages\/239\/revisions\/395"}],"wp:attachment":[{"href":"http:\/\/radcaprawnysikora.pl\/index.php?rest_route=%2Fwp%2Fv2%2Fmedia&parent=239"}],"curies":[{"name":"wp","href":"https:\/\/api.w.org\/{rel}","templated":true}]}}