{"id":188,"date":"2022-01-08T08:58:33","date_gmt":"2022-01-08T07:58:33","guid":{"rendered":"http:\/\/radcaprawnysikora.pl\/?page_id=188"},"modified":"2022-05-09T13:25:20","modified_gmt":"2022-05-09T11:25:20","slug":"szkoda-w-pojezdzie","status":"publish","type":"page","link":"http:\/\/radcaprawnysikora.pl\/?page_id=188","title":{"rendered":"Szkoda w poje\u017adzie"},"content":{"rendered":"\t\t<div data-elementor-type=\"wp-page\" data-elementor-id=\"188\" class=\"elementor elementor-188\">\n\t\t\t\t\t\t<section class=\"elementor-section elementor-top-section elementor-element elementor-element-63a2353 elementor-section-boxed elementor-section-height-default elementor-section-height-default\" data-id=\"63a2353\" data-element_type=\"section\">\n\t\t\t\t\t\t<div class=\"elementor-container elementor-column-gap-default\">\n\t\t\t\t\t<div class=\"elementor-column elementor-col-25 elementor-top-column elementor-element elementor-element-3f71c08\" data-id=\"3f71c08\" data-element_type=\"column\">\n\t\t\t<div class=\"elementor-widget-wrap elementor-element-populated\">\n\t\t\t\t\t\t<div class=\"elementor-element elementor-element-75ca564 elementor-widget elementor-widget-text-editor\" data-id=\"75ca564\" data-element_type=\"widget\" data-widget_type=\"text-editor.default\">\n\t\t\t\t<div class=\"elementor-widget-container\">\n\t\t\t\t\t\t\t\t\t<p><strong>Kancelaria Radcy Prawnego<\/strong><\/p>\t\t\t\t\t\t\t\t<\/div>\n\t\t\t\t<\/div>\n\t\t\t\t\t<\/div>\n\t\t<\/div>\n\t\t\t\t<div class=\"elementor-column elementor-col-25 elementor-top-column elementor-element elementor-element-f661d15\" data-id=\"f661d15\" data-element_type=\"column\">\n\t\t\t<div class=\"elementor-widget-wrap elementor-element-populated\">\n\t\t\t\t\t\t<div class=\"elementor-element elementor-element-69a676f elementor-widget elementor-widget-text-editor\" data-id=\"69a676f\" data-element_type=\"widget\" data-widget_type=\"text-editor.default\">\n\t\t\t\t<div class=\"elementor-widget-container\">\n\t\t\t\t\t\t\t\t\t<p><strong>Ma\u0142gorzata Sikora<\/strong><\/p>\t\t\t\t\t\t\t\t<\/div>\n\t\t\t\t<\/div>\n\t\t\t\t\t<\/div>\n\t\t<\/div>\n\t\t\t\t<div class=\"elementor-column elementor-col-25 elementor-top-column elementor-element elementor-element-cf83a55\" data-id=\"cf83a55\" data-element_type=\"column\">\n\t\t\t<div class=\"elementor-widget-wrap elementor-element-populated\">\n\t\t\t\t\t\t<div class=\"elementor-element elementor-element-c807c2b elementor-widget elementor-widget-text-editor\" data-id=\"c807c2b\" data-element_type=\"widget\" data-widget_type=\"text-editor.default\">\n\t\t\t\t<div class=\"elementor-widget-container\">\n\t\t\t\t\t\t\t\t\t<p><strong>T: +48 668 24 28 40<\/strong><\/p>\t\t\t\t\t\t\t\t<\/div>\n\t\t\t\t<\/div>\n\t\t\t\t\t<\/div>\n\t\t<\/div>\n\t\t\t\t<div class=\"elementor-column elementor-col-25 elementor-top-column elementor-element elementor-element-2170215\" data-id=\"2170215\" data-element_type=\"column\">\n\t\t\t<div class=\"elementor-widget-wrap elementor-element-populated\">\n\t\t\t\t\t\t<div class=\"elementor-element elementor-element-baa96fe elementor-widget elementor-widget-text-editor\" data-id=\"baa96fe\" data-element_type=\"widget\" data-widget_type=\"text-editor.default\">\n\t\t\t\t<div class=\"elementor-widget-container\">\n\t\t\t\t\t\t\t\t\t<p><strong>e-mail: kancelaria@radcaprawnysikora.pl<\/strong><\/p>\t\t\t\t\t\t\t\t<\/div>\n\t\t\t\t<\/div>\n\t\t\t\t\t<\/div>\n\t\t<\/div>\n\t\t\t\t\t<\/div>\n\t\t<\/section>\n\t\t\t\t<section class=\"elementor-section elementor-top-section elementor-element elementor-element-11cb8d1 elementor-section-boxed elementor-section-height-default elementor-section-height-default\" data-id=\"11cb8d1\" data-element_type=\"section\">\n\t\t\t\t\t\t<div class=\"elementor-container elementor-column-gap-default\">\n\t\t\t\t\t<div class=\"elementor-column elementor-col-100 elementor-top-column elementor-element elementor-element-afbb71a\" data-id=\"afbb71a\" data-element_type=\"column\">\n\t\t\t<div class=\"elementor-widget-wrap elementor-element-populated\">\n\t\t\t\t\t\t<div class=\"elementor-element elementor-element-de33032 elementor-widget elementor-widget-text-editor\" data-id=\"de33032\" data-element_type=\"widget\" data-widget_type=\"text-editor.default\">\n\t\t\t\t<div class=\"elementor-widget-container\">\n\t\t\t\t\t\t\t\t\t<p><strong>SZKODA W POJE\u0179DZIE<\/strong><\/p><p><strong>Do szk\u00f3d w poje\u017adzie dochodzi najcz\u0119\u015bciej podczas:<\/strong><\/p><ul><li>wypadk\u00f3w drogowych,<\/li><li>z powodu realizacji ryzyk naturalnych (np. grad, przewr\u00f3cenie drzewa),<\/li><li>na oblodzonej lub nier\u00f3wnej nawierzchni drogi.<\/li><\/ul><p><strong>W zale\u017cno\u015bci od przyczyny szkody, samoch\u00f3d mo\u017cna naprawi\u0107 korzystaj\u0105c z:<\/strong><\/p><ul><li>ubezpieczenia OC komunikacyjnego sprawcy,<\/li><li>ubezpieczenia AC pojazdu,<\/li><li>ubezpieczenia OC zarz\u0105dcy drogi.<\/li><\/ul><p><strong>W ka\u017cdym przypadku zobowi\u0105zany do wyp\u0142aty odszkodowania ubezpieczyciel powinien pokry\u0107 szkod\u0119:<\/strong><\/p><ul><li>do pe\u0142nej wysoko\u015bci szkody z ubezpieczenia OC sprawcy,<\/li><li>zgodnie z funkcj\u0105 ochronn\u0105 ubezpieczenia AC.<\/li><\/ul><p><strong>W kancelarii\u00a0prowadzimy sprawy, od kt\u00f3rych dosz\u0142o w nast\u0119pstwie wypadk\u00f3w komunikacyjnych. <\/strong><\/p><p><strong>Nasza specjalizacja na Wroc\u0142aw i ca\u0142\u0105 Polsk\u0119 to\u00a0<\/strong><\/p><ul><li>odszkodowania powypadkowe\u00a0<\/li><li>odszkodowania komunikacyjne z AC<\/li><li>odszkodowania z OC\u00a0<\/li><\/ul>\t\t\t\t\t\t\t\t<\/div>\n\t\t\t\t<\/div>\n\t\t\t\t\t<\/div>\n\t\t<\/div>\n\t\t\t\t\t<\/div>\n\t\t<\/section>\n\t\t\t\t<\/div>\n\t\t","protected":false},"excerpt":{"rendered":"<p>Kancelaria Radcy Prawnego Ma\u0142gorzata Sikora T: +48 668 24 28 40 e-mail: kancelaria@radcaprawnysikora.pl SZKODA W POJE\u0179DZIE Do szk\u00f3d w poje\u017adzie dochodzi najcz\u0119\u015bciej podczas: wypadk\u00f3w drogowych, z powodu realizacji ryzyk naturalnych (np. grad, przewr\u00f3cenie drzewa), na oblodzonej lub nier\u00f3wnej nawierzchni drogi. W zale\u017cno\u015bci od przyczyny szkody, samoch\u00f3d mo\u017cna naprawi\u0107 korzystaj\u0105c z: ubezpieczenia OC komunikacyjnego sprawcy, ubezpieczenia [&hellip;]<\/p>\n","protected":false},"author":1,"featured_media":0,"parent":0,"menu_order":0,"comment_status":"closed","ping_status":"closed","template":"elementor_header_footer","meta":{"footnotes":""},"class_list":["post-188","page","type-page","status-publish","hentry","entry"],"_links":{"self":[{"href":"http:\/\/radcaprawnysikora.pl\/index.php?rest_route=\/wp\/v2\/pages\/188","targetHints":{"allow":["GET"]}}],"collection":[{"href":"http:\/\/radcaprawnysikora.pl\/index.php?rest_route=\/wp\/v2\/pages"}],"about":[{"href":"http:\/\/radcaprawnysikora.pl\/index.php?rest_route=\/wp\/v2\/types\/page"}],"author":[{"embeddable":true,"href":"http:\/\/radcaprawnysikora.pl\/index.php?rest_route=\/wp\/v2\/users\/1"}],"replies":[{"embeddable":true,"href":"http:\/\/radcaprawnysikora.pl\/index.php?rest_route=%2Fwp%2Fv2%2Fcomments&post=188"}],"version-history":[{"count":7,"href":"http:\/\/radcaprawnysikora.pl\/index.php?rest_route=\/wp\/v2\/pages\/188\/revisions"}],"predecessor-version":[{"id":402,"href":"http:\/\/radcaprawnysikora.pl\/index.php?rest_route=\/wp\/v2\/pages\/188\/revisions\/402"}],"wp:attachment":[{"href":"http:\/\/radcaprawnysikora.pl\/index.php?rest_route=%2Fwp%2Fv2%2Fmedia&parent=188"}],"curies":[{"name":"wp","href":"https:\/\/api.w.org\/{rel}","templated":true}]}}