{"id":149,"date":"2022-01-07T18:08:55","date_gmt":"2022-01-07T17:08:55","guid":{"rendered":"http:\/\/radcaprawnysikora.pl\/?page_id=149"},"modified":"2022-05-09T13:25:01","modified_gmt":"2022-05-09T11:25:01","slug":"szkoda-z-auto-casco","status":"publish","type":"page","link":"http:\/\/radcaprawnysikora.pl\/?page_id=149","title":{"rendered":"Szkoda z Auto Casco"},"content":{"rendered":"\t\t<div data-elementor-type=\"wp-page\" data-elementor-id=\"149\" class=\"elementor elementor-149\">\n\t\t\t\t\t\t<section class=\"elementor-section elementor-top-section elementor-element elementor-element-d244561 elementor-section-boxed elementor-section-height-default elementor-section-height-default\" data-id=\"d244561\" data-element_type=\"section\">\n\t\t\t\t\t\t<div class=\"elementor-container elementor-column-gap-default\">\n\t\t\t\t\t<div class=\"elementor-column elementor-col-25 elementor-top-column elementor-element elementor-element-e8e6684\" data-id=\"e8e6684\" data-element_type=\"column\">\n\t\t\t<div class=\"elementor-widget-wrap elementor-element-populated\">\n\t\t\t\t\t\t<div class=\"elementor-element elementor-element-1c11ace elementor-widget elementor-widget-text-editor\" data-id=\"1c11ace\" data-element_type=\"widget\" data-widget_type=\"text-editor.default\">\n\t\t\t\t<div class=\"elementor-widget-container\">\n\t\t\t\t\t\t\t\t\t<p><strong>Kancelaria Radcy Prawnego<\/strong><\/p>\t\t\t\t\t\t\t\t<\/div>\n\t\t\t\t<\/div>\n\t\t\t\t\t<\/div>\n\t\t<\/div>\n\t\t\t\t<div class=\"elementor-column elementor-col-25 elementor-top-column elementor-element elementor-element-d3d6822\" data-id=\"d3d6822\" data-element_type=\"column\">\n\t\t\t<div class=\"elementor-widget-wrap elementor-element-populated\">\n\t\t\t\t\t\t<div class=\"elementor-element elementor-element-2971d82 elementor-widget elementor-widget-text-editor\" data-id=\"2971d82\" data-element_type=\"widget\" data-widget_type=\"text-editor.default\">\n\t\t\t\t<div class=\"elementor-widget-container\">\n\t\t\t\t\t\t\t\t\t<p><strong>Ma\u0142gorzata Sikora<\/strong><\/p>\t\t\t\t\t\t\t\t<\/div>\n\t\t\t\t<\/div>\n\t\t\t\t\t<\/div>\n\t\t<\/div>\n\t\t\t\t<div class=\"elementor-column elementor-col-25 elementor-top-column elementor-element elementor-element-7b79faa\" data-id=\"7b79faa\" data-element_type=\"column\">\n\t\t\t<div class=\"elementor-widget-wrap elementor-element-populated\">\n\t\t\t\t\t\t<div class=\"elementor-element elementor-element-349de06 elementor-widget elementor-widget-text-editor\" data-id=\"349de06\" data-element_type=\"widget\" data-widget_type=\"text-editor.default\">\n\t\t\t\t<div class=\"elementor-widget-container\">\n\t\t\t\t\t\t\t\t\t<p><strong>T: +48 668 24 28 40<\/strong><\/p>\t\t\t\t\t\t\t\t<\/div>\n\t\t\t\t<\/div>\n\t\t\t\t\t<\/div>\n\t\t<\/div>\n\t\t\t\t<div class=\"elementor-column elementor-col-25 elementor-top-column elementor-element elementor-element-cb1ff41\" data-id=\"cb1ff41\" data-element_type=\"column\">\n\t\t\t<div class=\"elementor-widget-wrap elementor-element-populated\">\n\t\t\t\t\t\t<div class=\"elementor-element elementor-element-5bf13e8 elementor-widget elementor-widget-text-editor\" data-id=\"5bf13e8\" data-element_type=\"widget\" data-widget_type=\"text-editor.default\">\n\t\t\t\t<div class=\"elementor-widget-container\">\n\t\t\t\t\t\t\t\t\t<p><strong>e-mail: kancelaria@radcaprawnysikora.pl<\/strong><\/p>\t\t\t\t\t\t\t\t<\/div>\n\t\t\t\t<\/div>\n\t\t\t\t\t<\/div>\n\t\t<\/div>\n\t\t\t\t\t<\/div>\n\t\t<\/section>\n\t\t\t\t<section class=\"elementor-section elementor-top-section elementor-element elementor-element-74eec85 elementor-section-boxed elementor-section-height-default elementor-section-height-default\" data-id=\"74eec85\" data-element_type=\"section\">\n\t\t\t\t\t\t<div class=\"elementor-container elementor-column-gap-default\">\n\t\t\t\t\t<div class=\"elementor-column elementor-col-100 elementor-top-column elementor-element elementor-element-36036cc\" data-id=\"36036cc\" data-element_type=\"column\">\n\t\t\t<div class=\"elementor-widget-wrap elementor-element-populated\">\n\t\t\t\t\t\t<div class=\"elementor-element elementor-element-f92d944 elementor-widget elementor-widget-text-editor\" data-id=\"f92d944\" data-element_type=\"widget\" data-widget_type=\"text-editor.default\">\n\t\t\t\t<div class=\"elementor-widget-container\">\n\t\t\t\t\t\t\t\t\t<p><strong>Szkoda z Auto Casco<\/strong><\/p>\n<p>Zawieraj\u0105c <strong>umow\u0119 ubezpieczenia AC<\/strong> jeste\u015bmy pewni, \u017ce w przypadku szkody w poje\u017adzie otrzymamy odszkodowanie i za otrzymane pieni\u0105dze naprawimy samoch\u00f3d. Pewno\u015b\u0107 znika, kiedy otrzymujemy od ubezpieczyciela wycen\u0119 czy kosztorys naprawy z r\u00f3\u017cnymi korektami, odpisami, nawi\u0105zaniami do OWU, kwot\u0105 odszkodowania i informacj\u0105 na ko\u0144cu pisma o mo\u017cliwo\u015bci skierowania sprawy do s\u0105du. Nie zawsze jednak trzeba i\u015b\u0107 do s\u0105du, czasem wystarcz\u0105 negocjacje z ubezpieczycielem, poniewa\u017c postanowienia og\u00f3lnych warunk\u00f3w powinny by\u0107 interpretowane zgodnie z funkcj\u0105 ubezpieczenia AC. W naszej kancelarii odszkodowawczej \u2013 Kancelarii Optimum sp. z o.o., prowadzimy negocjacje&nbsp; &nbsp;ubezpieczycielem, aby mo\u017cliwie szybko odzyska\u0107 odszkodowanie z polisy AC. <strong>Poszkodowany mo\u017ce \u017c\u0105da\u0107, aby ubezpieczyciel pokry\u0142 koszty naprawy do tego stopnia, aby samoch\u00f3d zosta\u0142 przywr\u00f3cony do stanu sprzed szkody i to pod ka\u017cdym wzgl\u0119dem, w tym stanu technicznego, zdolno\u015bci u\u017cytkowania, cz\u0119\u015bci sk\u0142adowych, trwa\u0142o\u015bci, wygl\u0105du estetycznego, itd.<\/strong><\/p>\n<p><\/p>\n<p><strong>&nbsp;<\/strong><\/p>\n<p><strong><br><\/strong><\/p>\n<p><strong>&nbsp;<\/strong><\/p>\n<div><br><\/div><div><br><\/div><div><br><\/div>\t\t\t\t\t\t\t\t<\/div>\n\t\t\t\t<\/div>\n\t\t\t\t\t<\/div>\n\t\t<\/div>\n\t\t\t\t\t<\/div>\n\t\t<\/section>\n\t\t\t\t<\/div>\n\t\t","protected":false},"excerpt":{"rendered":"<p>Kancelaria Radcy Prawnego Ma\u0142gorzata Sikora T: +48 668 24 28 40 e-mail: kancelaria@radcaprawnysikora.pl Szkoda z Auto Casco Zawieraj\u0105c umow\u0119 ubezpieczenia AC jeste\u015bmy pewni, \u017ce w przypadku szkody w poje\u017adzie otrzymamy odszkodowanie i za otrzymane pieni\u0105dze naprawimy samoch\u00f3d. Pewno\u015b\u0107 znika, kiedy otrzymujemy od ubezpieczyciela wycen\u0119 czy kosztorys naprawy z r\u00f3\u017cnymi korektami, odpisami, nawi\u0105zaniami do OWU, kwot\u0105 [&hellip;]<\/p>\n","protected":false},"author":1,"featured_media":0,"parent":0,"menu_order":0,"comment_status":"closed","ping_status":"closed","template":"elementor_header_footer","meta":{"footnotes":""},"class_list":["post-149","page","type-page","status-publish","hentry","entry"],"_links":{"self":[{"href":"http:\/\/radcaprawnysikora.pl\/index.php?rest_route=\/wp\/v2\/pages\/149","targetHints":{"allow":["GET"]}}],"collection":[{"href":"http:\/\/radcaprawnysikora.pl\/index.php?rest_route=\/wp\/v2\/pages"}],"about":[{"href":"http:\/\/radcaprawnysikora.pl\/index.php?rest_route=\/wp\/v2\/types\/page"}],"author":[{"embeddable":true,"href":"http:\/\/radcaprawnysikora.pl\/index.php?rest_route=\/wp\/v2\/users\/1"}],"replies":[{"embeddable":true,"href":"http:\/\/radcaprawnysikora.pl\/index.php?rest_route=%2Fwp%2Fv2%2Fcomments&post=149"}],"version-history":[{"count":16,"href":"http:\/\/radcaprawnysikora.pl\/index.php?rest_route=\/wp\/v2\/pages\/149\/revisions"}],"predecessor-version":[{"id":401,"href":"http:\/\/radcaprawnysikora.pl\/index.php?rest_route=\/wp\/v2\/pages\/149\/revisions\/401"}],"wp:attachment":[{"href":"http:\/\/radcaprawnysikora.pl\/index.php?rest_route=%2Fwp%2Fv2%2Fmedia&parent=149"}],"curies":[{"name":"wp","href":"https:\/\/api.w.org\/{rel}","templated":true}]}}